CRAN Package Check Results for Package RLumModel

Last updated on 2024-07-20 21:56:13 CEST.

Flavor Version Tinstall Tcheck Ttotal Status Flags
r-devel-linux-x86_64-debian-clang 0.2.10 37.98 64.19 102.17 NOTE
r-devel-linux-x86_64-debian-gcc 0.2.10 25.70 47.59 73.29 NOTE
r-devel-linux-x86_64-fedora-clang 0.2.10 161.66 NOTE
r-devel-linux-x86_64-fedora-gcc 0.2.10 165.71 NOTE
r-devel-windows-x86_64 0.2.10 34.00 85.00 119.00 NOTE
r-patched-linux-x86_64 0.2.10 41.44 59.25 100.69 NOTE
r-release-linux-x86_64 0.2.10 31.03 60.41 91.44 NOTE
r-release-macos-arm64 0.2.10 45.00 NOTE
r-release-macos-x86_64 0.2.10 60.00 NOTE
r-release-windows-x86_64 0.2.10 43.00 90.00 133.00 NOTE
r-oldrel-macos-arm64 0.2.10 47.00 NOTE
r-oldrel-macos-x86_64 0.2.10 76.00 NOTE
r-oldrel-windows-x86_64 0.2.10 52.00 100.00 152.00 NOTE

Check Details

Version: 0.2.10
Check: C++ specification
Result: NOTE Specified C++11: please drop specification unless essential Flavors: r-devel-linux-x86_64-debian-clang, r-devel-linux-x86_64-debian-gcc, r-devel-linux-x86_64-fedora-clang, r-devel-linux-x86_64-fedora-gcc, r-devel-windows-x86_64, r-patched-linux-x86_64, r-release-linux-x86_64, r-release-macos-arm64, r-release-macos-x86_64, r-release-windows-x86_64, r-oldrel-macos-arm64, r-oldrel-macos-x86_64, r-oldrel-windows-x86_64