CRAN Package Check Results for Package RMRAINGEN

Last updated on 2019-10-16 22:56:09 CEST.

Flavor Version Tinstall Tcheck Ttotal Status Flags
r-devel-linux-x86_64-debian-clang 1.0 9.90 77.35 87.25 NOTE
r-devel-linux-x86_64-debian-gcc 1.0 6.97 62.55 69.52 NOTE
r-devel-linux-x86_64-fedora-clang 1.0 110.19 NOTE
r-devel-linux-x86_64-fedora-gcc 1.0 107.05 NOTE
r-devel-windows-ix86+x86_64 1.0 28.00 129.00 157.00 NOTE
r-patched-linux-x86_64 1.0 10.17 76.65 86.82 NOTE
r-patched-solaris-x86 1.0 164.70 NOTE
r-release-linux-x86_64 1.0 10.79 76.13 86.92 NOTE
r-release-windows-ix86+x86_64 1.0 15.00 143.00 158.00 NOTE
r-release-osx-x86_64 1.0 NOTE
r-oldrel-windows-ix86+x86_64 1.0 10.00 83.00 93.00 NOTE
r-oldrel-osx-x86_64 1.0 NOTE

Check Details

Version: 1.0
Check: R code for possible problems
Result: NOTE
    CoeffYWeq: no visible global function definition for 'index'
    fitdistrForPrecipitation: no visible global function definition for
     'fitdistr'
    generate.CCGammaObject: no visible binding for global variable 'rnorm'
    generate.CCGammaObject: no visible global function definition for
     'pnorm'
    generate.YuleWalkerCoefficientBlockmatrices: no visible binding for
     global variable 'rnorm'
    generate.YuleWalkerCoefficientBlockmatricesPerEachMonth: no visible
     binding for global variable 'rnorm'
    generatePrecipitationAmount: no visible global function definition for
     'str'
    omega_inv: no visible global function definition for 'uniroot'
    qqfit: no visible binding for global variable 'qexp'
    qqfit: no visible global function definition for 'ecdf'
    Undefined global functions or variables:
     ecdf fitdistr index pnorm qexp rnorm str uniroot
    Consider adding
     importFrom("stats", "ecdf", "pnorm", "qexp", "rnorm", "uniroot")
     importFrom("utils", "str")
    to your NAMESPACE file.
Flavors: r-devel-linux-x86_64-debian-clang, r-devel-linux-x86_64-debian-gcc, r-devel-linux-x86_64-fedora-clang, r-devel-linux-x86_64-fedora-gcc, r-devel-windows-ix86+x86_64, r-patched-linux-x86_64, r-patched-solaris-x86, r-release-linux-x86_64, r-release-windows-ix86+x86_64, r-release-osx-x86_64, r-oldrel-windows-ix86+x86_64, r-oldrel-osx-x86_64