CRAN Package Check Results for Package RNetCDF

Last updated on 2022-01-23 22:49:53 CET.

Flavor Version Tinstall Tcheck Ttotal Status Flags
r-devel-linux-x86_64-debian-clang 2.5-2 15.98 48.68 64.66 OK
r-devel-linux-x86_64-debian-gcc 2.5-2 9.75 41.15 50.90 OK
r-devel-linux-x86_64-fedora-clang 2.5-2 83.50 OK
r-devel-linux-x86_64-fedora-gcc 2.5-2 67.71 OK
r-devel-windows-x86_64-new-UL 2.5-2 84.00 124.00 208.00 NOTE
r-devel-windows-x86_64-new-TK 2.5-2 OK
r-patched-linux-x86_64 2.5-2 13.38 47.71 61.09 OK
r-release-linux-x86_64 2.5-2 11.45 47.23 58.68 OK
r-release-macos-arm64 2.5-2 NOTE
r-release-macos-x86_64 2.5-2 NOTE
r-release-windows-ix86+x86_64 2.5-2 39.00 177.00 216.00 NOTE
r-oldrel-macos-x86_64 2.5-2 NOTE
r-oldrel-windows-ix86+x86_64 2.5-2 39.00 147.00 186.00 NOTE

Check Details

Version: 2.5-2
Check: installed package size
Result: NOTE
     installed size is 8.8Mb
     sub-directories of 1Mb or more:
     libs 8.5Mb
Flavors: r-devel-windows-x86_64-new-UL, r-release-macos-arm64, r-release-macos-x86_64, r-release-windows-ix86+x86_64, r-oldrel-macos-x86_64, r-oldrel-windows-ix86+x86_64

Version: 2.5-2
Check: package dependencies
Result: NOTE
    Package which this enhances but not available for checking: ‘pbdMPI’
Flavors: r-release-macos-arm64, r-release-macos-x86_64, r-oldrel-macos-x86_64

Version: 2.5-2
Check: Rd cross-references
Result: NOTE
    Package unavailable to check Rd xrefs: ‘pbdMPI’
Flavors: r-release-macos-arm64, r-release-macos-x86_64, r-oldrel-macos-x86_64