Last updated on 2024-04-17 23:00:07 CEST.
Flavor | Version | Tinstall | Tcheck | Ttotal | Status | Flags |
---|---|---|---|---|---|---|
r-devel-linux-x86_64-debian-clang | 2.9-2 | 24.40 | 47.18 | 71.58 | OK | |
r-devel-linux-x86_64-debian-gcc | 2.9-2 | 15.54 | 35.86 | 51.40 | OK | |
r-devel-linux-x86_64-fedora-clang | 2.9-2 | 88.24 | OK | |||
r-devel-linux-x86_64-fedora-gcc | 2.9-2 | 87.04 | OK | |||
r-prerel-macos-arm64 | 2.9-2 | 46.00 | NOTE | |||
r-prerel-macos-x86_64 | 2.9-2 | 105.00 | NOTE | |||
r-prerel-windows-x86_64 | 2.9-2 | 97.00 | 202.00 | 299.00 | NOTE | |
r-patched-linux-x86_64 | 2.9-2 | 19.98 | 46.92 | 66.90 | OK | |
r-release-linux-x86_64 | 2.9-2 | 18.82 | 45.11 | 63.93 | OK | |
r-release-macos-arm64 | 2.9-2 | 66.00 | NOTE | |||
r-release-macos-x86_64 | 2.9-2 | 117.00 | NOTE | |||
r-release-windows-x86_64 | 2.9-2 | 120.00 | 233.00 | 353.00 | NOTE | |
r-oldrel-macos-arm64 | 2.9-2 | 53.00 | NOTE | |||
r-oldrel-windows-x86_64 | 2.9-2 | 114.00 | 127.00 | 241.00 | NOTE |
Version: 2.9-2
Check: package dependencies
Result: NOTE
Packages which this enhances but not available for checking:
'pbdMPI', 'Rmpi'
Flavors: r-prerel-macos-arm64, r-prerel-macos-x86_64, r-release-macos-arm64, r-release-macos-x86_64, r-oldrel-macos-arm64
Version: 2.9-2
Check: installed package size
Result: NOTE
installed size is 7.2Mb
sub-directories of 1Mb or more:
libs 6.9Mb
Flavors: r-prerel-macos-arm64, r-prerel-macos-x86_64, r-prerel-windows-x86_64, r-release-macos-arm64, r-release-macos-x86_64, r-release-windows-x86_64, r-oldrel-macos-arm64, r-oldrel-windows-x86_64
Version: 2.9-2
Check: Rd cross-references
Result: NOTE
Packages unavailable to check Rd xrefs: ‘pbdMPI’, ‘Rmpi’
Flavors: r-prerel-macos-arm64, r-prerel-macos-x86_64, r-release-macos-arm64, r-release-macos-x86_64, r-oldrel-macos-arm64