CRAN Package Check Results for Package RNifti

Last updated on 2021-06-15 22:53:55 CEST.

Flavor Version Tinstall Tcheck Ttotal Status Flags
r-devel-linux-x86_64-debian-clang 1.3.1 41.05 38.84 79.89 OK
r-devel-linux-x86_64-debian-gcc 1.3.1 29.27 30.56 59.83 OK
r-devel-linux-x86_64-fedora-clang 1.3.1 108.79 OK
r-devel-linux-x86_64-fedora-gcc 1.3.1 99.17 OK
r-devel-windows-x86_64 1.3.1 49.00 69.00 118.00 OK
r-devel-windows-x86_64-gcc10-UCRT 1.3.1 OK
r-patched-linux-x86_64 1.3.1 33.46 37.53 70.99 OK
r-patched-solaris-x86 1.3.1 122.00 OK
r-release-linux-x86_64 1.3.1 33.32 37.62 70.94 OK
r-release-macos-arm64 1.3.1 NOTE
r-release-macos-x86_64 1.3.1 NOTE
r-release-windows-ix86+x86_64 1.3.1 96.00 103.00 199.00 OK
r-oldrel-macos-x86_64 1.3.1 NOTE
r-oldrel-windows-ix86+x86_64 1.3.1 76.00 96.00 172.00 OK

Check Details

Version: 1.3.1
Check: installed package size
Result: NOTE
     installed size is 6.4Mb
     sub-directories of 1Mb or more:
     libs 5.2Mb
Flavors: r-release-macos-arm64, r-release-macos-x86_64, r-oldrel-macos-x86_64