CRAN Package Check Results for Package ROI.plugin.clp

Last updated on 2019-10-16 22:56:09 CEST.

Flavor Version Tinstall Tcheck Ttotal Status Flags
r-devel-linux-x86_64-debian-clang 0.4 7.55 83.94 91.49 OK
r-devel-linux-x86_64-debian-gcc 0.4 6.04 63.08 69.12 OK
r-devel-linux-x86_64-fedora-clang 0.4 102.19 OK
r-devel-linux-x86_64-fedora-gcc 0.4 97.45 OK
r-devel-windows-ix86+x86_64 0.4 18.00 49.00 67.00 OK
r-patched-linux-x86_64 0.4 7.08 80.28 87.36 OK
r-patched-solaris-x86 0.4 87.70 OK
r-release-linux-x86_64 0.4 6.44 81.13 87.57 OK
r-release-windows-ix86+x86_64 0.4 13.00 75.00 88.00 OK
r-release-osx-x86_64 0.4 ERROR
r-oldrel-windows-ix86+x86_64 0.4 7.00 47.00 54.00 OK
r-oldrel-osx-x86_64 0.4 ERROR

Check Details

Version: 0.4
Check: package dependencies
Result: ERROR
    Package required but not available: ‘clpAPI’
    
    See section ‘The DESCRIPTION file’ in the ‘Writing R Extensions’
    manual.
Flavors: r-release-osx-x86_64, r-oldrel-osx-x86_64