CRAN Package Check Results for Package ROpenFIGI

Last updated on 2021-11-29 22:59:23 CET.

Flavor Version Tinstall Tcheck Ttotal Status Flags
r-devel-linux-x86_64-debian-clang 0.2.8 2.21 24.33 26.54 NOTE
r-devel-linux-x86_64-debian-gcc 0.2.8 1.62 19.79 21.41 NOTE
r-devel-linux-x86_64-fedora-clang 0.2.8 43.65 NOTE
r-devel-linux-x86_64-fedora-gcc 0.2.8 32.60 NOTE
r-devel-windows-x86_64-new-UL 0.2.8 5.00 59.00 64.00 NOTE
r-devel-windows-x86_64-new-TK 0.2.8 NOTE
r-devel-windows-x86_64-old 0.2.8 3.00 34.00 37.00 NOTE
r-patched-linux-x86_64 0.2.8 2.10 23.66 25.76 NOTE
r-patched-solaris-x86 0.2.8 51.50 NOTE
r-release-linux-x86_64 0.2.8 2.05 23.53 25.58 NOTE
r-release-macos-arm64 0.2.8 NOTE
r-release-macos-x86_64 0.2.8 NOTE
r-release-windows-ix86+x86_64 0.2.8 4.00 30.00 34.00 NOTE
r-oldrel-macos-x86_64 0.2.8 OK
r-oldrel-windows-ix86+x86_64 0.2.8 3.00 32.00 35.00 OK

Check Details

Version: 0.2.8
Check: LazyData
Result: NOTE
     'LazyData' is specified without a 'data' directory
Flavors: r-devel-linux-x86_64-debian-clang, r-devel-linux-x86_64-debian-gcc, r-devel-linux-x86_64-fedora-clang, r-devel-linux-x86_64-fedora-gcc, r-devel-windows-x86_64-new-UL, r-devel-windows-x86_64-new-TK, r-devel-windows-x86_64-old, r-patched-linux-x86_64, r-patched-solaris-x86, r-release-linux-x86_64, r-release-macos-arm64, r-release-macos-x86_64, r-release-windows-ix86+x86_64