CRAN Package Check Results for Package ROpenFIGI

Last updated on 2023-10-02 22:08:10 CEST.

Flavor Version Tinstall Tcheck Ttotal Status Flags
r-devel-linux-x86_64-debian-clang 0.2.8 1.63 26.07 27.70 NOTE
r-devel-linux-x86_64-debian-gcc 0.2.8 1.78 20.64 22.42 NOTE
r-devel-linux-x86_64-fedora-clang 0.2.8 35.13 NOTE
r-devel-linux-x86_64-fedora-gcc 0.2.8 33.77 NOTE
r-devel-windows-x86_64 0.2.8 3.00 43.00 46.00 NOTE
r-patched-linux-x86_64 0.2.8 2.04 25.90 27.94 NOTE
r-release-linux-x86_64 0.2.8 1.84 25.64 27.48 NOTE
r-release-macos-arm64 0.2.8 17.00 NOTE
r-release-macos-x86_64 0.2.8 25.00 NOTE
r-release-windows-x86_64 0.2.8 3.00 43.00 46.00 NOTE
r-oldrel-macos-arm64 0.2.8 18.00 NOTE
r-oldrel-macos-x86_64 0.2.8 23.00 NOTE
r-oldrel-windows-x86_64 0.2.8 4.00 46.00 50.00 NOTE

Check Details

Version: 0.2.8
Check: LazyData
Result: NOTE
     'LazyData' is specified without a 'data' directory
Flavors: r-devel-linux-x86_64-debian-clang, r-devel-linux-x86_64-debian-gcc, r-devel-linux-x86_64-fedora-clang, r-devel-linux-x86_64-fedora-gcc, r-devel-windows-x86_64, r-patched-linux-x86_64, r-release-linux-x86_64, r-release-macos-arm64, r-release-macos-x86_64, r-release-windows-x86_64, r-oldrel-macos-arm64, r-oldrel-macos-x86_64, r-oldrel-windows-x86_64