CRAN Package Check Results for Package RPANDA

Last updated on 2019-08-16 22:48:30 CEST.

Flavor Version Tinstall Tcheck Ttotal Status Flags
r-devel-linux-x86_64-debian-clang 1.6 35.83 237.06 272.89 OK
r-devel-linux-x86_64-debian-gcc 1.6 29.90 182.18 212.08 OK
r-devel-linux-x86_64-fedora-clang 1.6 327.00 NOTE
r-devel-linux-x86_64-fedora-gcc 1.6 323.58 NOTE
r-devel-windows-ix86+x86_64 1.6 84.00 480.00 564.00 OK
r-patched-linux-x86_64 1.6 34.37 232.86 267.23 OK
r-patched-solaris-x86 1.6 448.10 OK
r-release-linux-x86_64 1.6 32.36 235.58 267.94 OK
r-release-windows-ix86+x86_64 1.6 94.00 462.00 556.00 OK
r-release-osx-x86_64 1.6 OK
r-oldrel-windows-ix86+x86_64 1.6 66.00 389.00 455.00 OK
r-oldrel-osx-x86_64 1.6 OK

Check Details

Version: 1.6
Check: compiled code
Result: NOTE
    File ‘RPANDA/libs/RPANDA.so’:
     Found no calls to: ‘R_registerRoutines’, ‘R_useDynamicSymbols’
    
    It is good practice to register native routines and to disable symbol
    search.
    
    See ‘Writing portable packages’ in the ‘Writing R Extensions’ manual.
Flavors: r-devel-linux-x86_64-fedora-clang, r-devel-linux-x86_64-fedora-gcc