Last updated on 2024-04-18 22:52:58 CEST.
Flavor | Version | Tinstall | Tcheck | Ttotal | Status | Flags |
---|---|---|---|---|---|---|
r-devel-linux-x86_64-debian-clang | 1.1.2 | 57.35 | 37.10 | 94.45 | OK | |
r-devel-linux-x86_64-debian-gcc | 1.1.2 | 45.33 | 30.07 | 75.40 | OK | |
r-devel-linux-x86_64-fedora-clang | 1.1.2 | 139.41 | OK | |||
r-devel-linux-x86_64-fedora-gcc | 1.1.2 | 146.18 | OK | |||
r-prerel-macos-arm64 | 1.1.2 | 42.00 | NOTE | |||
r-prerel-windows-x86_64 | 1.1.2 | 56.00 | 66.00 | 122.00 | OK | |
r-patched-linux-x86_64 | 1.1.2 | 56.45 | 38.57 | 95.02 | OK | |
r-release-linux-x86_64 | 1.1.2 | 54.38 | 37.28 | 91.66 | OK | |
r-release-macos-arm64 | 1.1.2 | 47.00 | NOTE | |||
r-release-macos-x86_64 | 1.1.2 | 69.00 | NOTE | |||
r-release-windows-x86_64 | 1.1.2 | 64.00 | 77.00 | 141.00 | OK | |
r-oldrel-macos-arm64 | 1.1.2 | 39.00 | NOTE | |||
r-oldrel-windows-x86_64 | 1.1.2 | 52.00 | 76.00 | 128.00 | OK |
Version: 1.1.2
Check: installed package size
Result: NOTE
installed size is 8.0Mb
sub-directories of 1Mb or more:
libs 7.6Mb
Flavors: r-prerel-macos-arm64, r-release-macos-arm64, r-release-macos-x86_64, r-oldrel-macos-arm64