CRAN Package Check Results for Package RPPanalyzer

Last updated on 2019-08-25 22:47:12 CEST.

Flavor Version Tinstall Tcheck Ttotal Status Flags
r-devel-linux-x86_64-debian-clang 1.4.5 16.93 184.63 201.56 NOTE
r-devel-linux-x86_64-debian-gcc 1.4.5 12.97 139.16 152.13 NOTE
r-devel-linux-x86_64-fedora-clang 1.4.5 233.23 NOTE
r-devel-linux-x86_64-fedora-gcc 1.4.5 234.57 NOTE
r-devel-windows-ix86+x86_64 1.4.5 52.00 209.00 261.00 NOTE
r-patched-linux-x86_64 1.4.5 14.69 178.43 193.12 OK
r-patched-solaris-x86 1.4.5 348.10 NOTE
r-release-linux-x86_64 1.4.5 16.66 179.66 196.32 OK
r-release-windows-ix86+x86_64 1.4.5 41.00 282.00 323.00 NOTE
r-release-osx-x86_64 1.4.5 ERROR
r-oldrel-windows-ix86+x86_64 1.4.5 32.00 260.00 292.00 NOTE
r-oldrel-osx-x86_64 1.4.5 NOTE

Check Details

Version: 1.4.5
Check: for non-standard things in the check directory
Result: NOTE
    Found the following files/directories:
     'Datasample.mads.txt' 'Datasample.medians.txt' 'control_plot.pdf'
     'correlation_plot.pdf' 'dataIII_qqplot.pdf' 'kruskalBoxplot.pdf'
     'plotQC.pdf' 'simpleBoxplot.pdf' 'wilcoxonBoxplot.pdf'
Flavors: r-devel-linux-x86_64-debian-clang, r-devel-linux-x86_64-debian-gcc, r-devel-linux-x86_64-fedora-clang, r-devel-linux-x86_64-fedora-gcc

Version: 1.4.5
Check: installed package size
Result: NOTE
     installed size is 5.5Mb
     sub-directories of 1Mb or more:
     extdata 4.5Mb
Flavors: r-devel-linux-x86_64-fedora-clang, r-devel-windows-ix86+x86_64, r-patched-solaris-x86, r-release-windows-ix86+x86_64, r-oldrel-windows-ix86+x86_64, r-oldrel-osx-x86_64

Version: 1.4.5
Check: package dependencies
Result: ERROR
    Packages required but not available: 'limma', 'Biobase'
    
    See section ‘The DESCRIPTION file’ in the ‘Writing R Extensions’
    manual.
Flavor: r-release-osx-x86_64