CRAN Package Check Results for Package RProtoBuf

Last updated on 2020-02-17 22:49:46 CET.

Flavor Version Tinstall Tcheck Ttotal Status Flags
r-devel-linux-x86_64-debian-clang 0.4.15 253.97 68.00 321.97 OK
r-devel-linux-x86_64-debian-gcc 0.4.15 173.30 51.57 224.87 OK
r-devel-linux-x86_64-fedora-clang 0.4.15 473.08 WARN
r-devel-linux-x86_64-fedora-gcc 0.4.15 425.09 OK
r-devel-windows-ix86+x86_64 0.4.15 520.00 122.00 642.00 NOTE
r-devel-windows-ix86+x86_64-gcc8 0.4.14 712.00 261.00 973.00 NOTE
r-patched-linux-x86_64 0.4.15 208.85 57.73 266.58 OK
r-release-linux-x86_64 0.4.15 191.91 57.58 249.49 OK
r-release-windows-ix86+x86_64 0.4.15 490.00 108.00 598.00 NOTE
r-release-osx-x86_64 0.4.15 NOTE
r-oldrel-windows-ix86+x86_64 0.4.15 637.00 141.00 778.00 NOTE
r-oldrel-osx-x86_64 0.4.15 NOTE

Check Details

Version: 0.4.15
Check: whether package can be installed
Result: WARN
    Found the following significant warnings:
     wrapper_Message.cpp:149:25: warning: 'ByteSize' is deprecated: Please use ByteSizeLong() instead [-Wdeprecated-declarations]
     wrapper_Message.cpp:253:49: warning: 'ByteSize' is deprecated: Please use ByteSizeLong() instead [-Wdeprecated-declarations]
Flavor: r-devel-linux-x86_64-fedora-clang

Version: 0.4.15
Check: installed package size
Result: NOTE
     installed size is 10.6Mb
     sub-directories of 1Mb or more:
     libs 8.7Mb
Flavors: r-devel-linux-x86_64-fedora-clang, r-devel-windows-ix86+x86_64, r-release-windows-ix86+x86_64, r-release-osx-x86_64, r-oldrel-windows-ix86+x86_64, r-oldrel-osx-x86_64

Version: 0.4.14
Check: installed package size
Result: NOTE
     installed size is 7.4Mb
     sub-directories of 1Mb or more:
     doc 1.1Mb
     libs 5.4Mb
Flavor: r-devel-windows-ix86+x86_64-gcc8