CRAN Package Check Results for Package RQDA

Last updated on 2020-01-17 22:51:04 CET.

Flavor Version Tinstall Tcheck Ttotal Status Flags
r-devel-linux-x86_64-debian-clang 0.3-1 19.57 113.40 132.97 NOTE
r-devel-linux-x86_64-debian-gcc 0.3-1 17.81 86.57 104.38 NOTE
r-devel-linux-x86_64-fedora-clang 0.3-1 165.53 NOTE
r-devel-linux-x86_64-fedora-gcc 0.3-1 167.32 NOTE
r-devel-windows-ix86+x86_64 0.3-1 44.00 149.00 193.00 NOTE
r-devel-windows-ix86+x86_64-gcc8 0.3-1 32.00 153.00 185.00 NOTE
r-patched-linux-x86_64 0.3-1 17.51 97.73 115.24 NOTE
r-patched-solaris-x86 0.3-1 212.30 NOTE
r-release-linux-x86_64 0.3-1 16.25 97.12 113.37 NOTE
r-release-windows-ix86+x86_64 0.3-1 38.00 130.00 168.00 NOTE
r-release-osx-x86_64 0.3-1 NOTE
r-oldrel-windows-ix86+x86_64 0.3-1 27.00 100.00 127.00 NOTE
r-oldrel-osx-x86_64 0.3-1 NOTE

Check Details

Version: 0.3-1
Check: package dependencies
Result: NOTE
    Package which this enhances but not available for checking: 'rjpod'
Flavors: r-devel-linux-x86_64-debian-clang, r-devel-linux-x86_64-debian-gcc, r-devel-linux-x86_64-fedora-clang, r-devel-linux-x86_64-fedora-gcc, r-devel-windows-ix86+x86_64, r-devel-windows-ix86+x86_64-gcc8, r-patched-linux-x86_64, r-patched-solaris-x86, r-release-linux-x86_64, r-release-windows-ix86+x86_64, r-release-osx-x86_64, r-oldrel-windows-ix86+x86_64, r-oldrel-osx-x86_64