CRAN Package Check Results for Package RQDA

Last updated on 2019-08-25 22:47:12 CEST.

Flavor Version Tinstall Tcheck Ttotal Status Flags
r-devel-linux-x86_64-debian-clang 0.3-1 17.12 101.43 118.55 NOTE
r-devel-linux-x86_64-debian-gcc 0.3-1 13.93 78.60 92.53 NOTE
r-devel-linux-x86_64-fedora-clang 0.3-1 142.12 NOTE
r-devel-linux-x86_64-fedora-gcc 0.3-1 139.61 NOTE
r-devel-windows-ix86+x86_64 0.3-1 118.00 6.00 124.00 ERROR
r-patched-linux-x86_64 0.3-1 15.61 98.24 113.85 NOTE
r-patched-solaris-x86 0.3-1 229.30 NOTE
r-release-linux-x86_64 0.3-1 16.13 99.31 115.44 NOTE
r-release-windows-ix86+x86_64 0.3-1 36.00 147.00 183.00 NOTE
r-release-osx-x86_64 0.3-1 NOTE
r-oldrel-windows-ix86+x86_64 0.3-1 33.00 141.00 174.00 NOTE
r-oldrel-osx-x86_64 0.3-1 NOTE

Check Details

Version: 0.3-1
Check: package dependencies
Result: NOTE
    Package which this enhances but not available for checking: 'rjpod'
Flavors: r-devel-linux-x86_64-debian-clang, r-devel-linux-x86_64-debian-gcc, r-devel-linux-x86_64-fedora-clang, r-devel-linux-x86_64-fedora-gcc, r-devel-windows-ix86+x86_64, r-patched-linux-x86_64, r-patched-solaris-x86, r-release-linux-x86_64, r-release-windows-ix86+x86_64, r-release-osx-x86_64, r-oldrel-windows-ix86+x86_64, r-oldrel-osx-x86_64

Version: 0.3-1
Check: whether package can be installed
Result: ERROR
    Installation failed.
Flavor: r-devel-windows-ix86+x86_64