Last updated on 2025-01-19 22:49:23 CET.
Flavor | Version | Tinstall | Tcheck | Ttotal | Status | Flags |
---|---|---|---|---|---|---|
r-devel-linux-x86_64-debian-clang | 0.1.3 | 1.75 | 43.54 | 45.29 | OK | |
r-devel-linux-x86_64-debian-gcc | 0.1.3 | 1.60 | 34.06 | 35.66 | OK | |
r-devel-linux-x86_64-fedora-clang | 0.1.3 | 75.54 | OK | |||
r-devel-linux-x86_64-fedora-gcc | 0.1.3 | 90.75 | OK | |||
r-devel-windows-x86_64 | 0.1.3 | 4.00 | 66.00 | 70.00 | OK | |
r-patched-linux-x86_64 | 0.1.3 | 1.74 | 41.73 | 43.47 | NOTE | |
r-release-linux-x86_64 | 0.1.3 | 1.86 | 41.98 | 43.84 | NOTE | |
r-release-macos-arm64 | 0.1.3 | 27.00 | NOTE | |||
r-release-macos-x86_64 | 0.1.3 | 63.00 | NOTE | |||
r-release-windows-x86_64 | 0.1.3 | 4.00 | 61.00 | 65.00 | NOTE | |
r-oldrel-macos-arm64 | 0.1.3 | 29.00 | NOTE | |||
r-oldrel-macos-x86_64 | 0.1.3 | 39.00 | NOTE | |||
r-oldrel-windows-x86_64 | 0.1.3 | 4.00 | 65.00 | 69.00 | NOTE |
Version: 0.1.3
Check: LazyData
Result: NOTE
'LazyData' is specified without a 'data' directory
Flavors: r-patched-linux-x86_64, r-release-linux-x86_64, r-release-macos-arm64, r-release-macos-x86_64, r-release-windows-x86_64, r-oldrel-macos-arm64, r-oldrel-macos-x86_64, r-oldrel-windows-x86_64