Last updated on 2024-04-18 22:52:58 CEST.
Flavor | Version | Tinstall | Tcheck | Ttotal | Status | Flags |
---|---|---|---|---|---|---|
r-devel-linux-x86_64-debian-clang | 2.8.0 | 29.84 | 413.11 | 442.95 | OK | |
r-devel-linux-x86_64-debian-gcc | 2.8.0 | 26.50 | 303.50 | 330.00 | OK | |
r-devel-linux-x86_64-fedora-clang | 2.8.0 | 554.89 | NOTE | |||
r-devel-linux-x86_64-fedora-gcc | 2.8.0 | 559.19 | OK | |||
r-prerel-macos-arm64 | 2.8.0 | 119.00 | NOTE | |||
r-prerel-windows-x86_64 | 2.8.0 | 26.00 | 265.00 | 291.00 | NOTE | |
r-patched-linux-x86_64 | 2.8.0 | 27.52 | 395.18 | 422.70 | OK | |
r-release-linux-x86_64 | 2.8.0 | 29.37 | 398.19 | 427.56 | OK | |
r-release-macos-arm64 | 2.8.0 | 137.00 | NOTE | |||
r-release-macos-x86_64 | 2.8.0 | 193.00 | NOTE | |||
r-release-windows-x86_64 | 2.8.0 | 35.00 | 322.00 | 357.00 | NOTE | |
r-oldrel-macos-arm64 | 2.8.0 | 123.00 | NOTE | |||
r-oldrel-windows-x86_64 | 2.8.0 | 36.00 | 313.00 | 349.00 | NOTE |
Version: 2.8.0
Check: installed package size
Result: NOTE
installed size is 5.3Mb
sub-directories of 1Mb or more:
doc 3.6Mb
Flavors: r-devel-linux-x86_64-fedora-clang, r-prerel-macos-arm64, r-prerel-windows-x86_64, r-release-macos-arm64, r-release-macos-x86_64, r-release-windows-x86_64, r-oldrel-macos-arm64, r-oldrel-windows-x86_64