Last updated on 2023-09-21 23:03:30 CEST.
Flavor | Version | Tinstall | Tcheck | Ttotal | Status | Flags |
---|---|---|---|---|---|---|
r-devel-linux-x86_64-debian-clang | 0.10.6 | 12.69 | 98.92 | 111.61 | OK | |
r-devel-linux-x86_64-debian-gcc | 0.10.6 | 9.44 | 71.76 | 81.20 | OK | |
r-devel-linux-x86_64-fedora-clang | 0.10.6 | 134.11 | OK | |||
r-devel-linux-x86_64-fedora-gcc | 0.10.6 | 138.42 | OK | |||
r-devel-windows-x86_64 | 0.10.6 | 13.00 | 86.00 | 99.00 | OK | |
r-patched-linux-x86_64 | 0.10.6 | 16.31 | 93.45 | 109.76 | OK | |
r-release-linux-x86_64 | 0.10.6 | 13.99 | 92.99 | 106.98 | OK | |
r-release-macos-arm64 | 0.10.6 | 45.00 | OK | |||
r-release-macos-x86_64 | 0.10.6 | 75.00 | NOTE | |||
r-release-windows-x86_64 | 0.10.6 | 15.00 | 99.00 | 114.00 | OK | |
r-oldrel-macos-arm64 | 0.10.6 | 63.00 | OK | |||
r-oldrel-macos-x86_64 | 0.10.6 | 87.00 | OK | |||
r-oldrel-windows-x86_64 | 0.10.6 | 17.00 | 99.00 | 116.00 | OK |
Version: 0.10.6
Check: package dependencies
Result: NOTE
Packages suggested but not available for checking: 'fields', 'qgraph'
Flavor: r-release-macos-x86_64