CRAN Package Check Results for Package RSA

Last updated on 2024-06-13 22:49:43 CEST.

Flavor Version Tinstall Tcheck Ttotal Status Flags
r-devel-linux-x86_64-debian-clang 0.10.6 16.12 103.37 119.49 OK
r-devel-linux-x86_64-debian-gcc 0.10.6 0.40 1.59 1.99 ERROR
r-devel-linux-x86_64-fedora-clang 0.10.6 154.32 OK
r-devel-linux-x86_64-fedora-gcc 0.10.6 142.63 OK
r-devel-windows-x86_64 0.10.6 12.00 84.00 96.00 OK
r-patched-linux-x86_64 0.10.6 19.53 101.36 120.89 OK
r-release-linux-x86_64 0.10.6 14.01 98.91 112.92 OK
r-release-macos-arm64 0.10.6 54.00 OK
r-release-macos-x86_64 0.10.6 73.00 OK
r-release-windows-x86_64 0.10.6 12.00 85.00 97.00 OK
r-oldrel-macos-arm64 0.10.6 45.00 OK
r-oldrel-macos-x86_64 0.10.6 75.00 NOTE
r-oldrel-windows-x86_64 0.10.6 14.00 100.00 114.00 OK

Check Details

Version: 0.10.6
Check: package dependencies
Result: ERROR Package required but not available: ‘ggplot2’ Packages suggested but not available for checking: 'qgraph', 'testthat' See section ‘The DESCRIPTION file’ in the ‘Writing R Extensions’ manual. Flavor: r-devel-linux-x86_64-debian-gcc

Version: 0.10.6
Check: package dependencies
Result: NOTE Packages suggested but not available for checking: 'fields', 'qgraph' Flavor: r-oldrel-macos-x86_64