Last updated on 2024-04-18 22:52:58 CEST.
Flavor | Version | Tinstall | Tcheck | Ttotal | Status | Flags |
---|---|---|---|---|---|---|
r-devel-linux-x86_64-debian-clang | 3.2.1 | 30.62 | 315.55 | 346.17 | OK | |
r-devel-linux-x86_64-debian-gcc | 3.2.1 | 22.38 | 224.85 | 247.23 | OK | |
r-devel-linux-x86_64-fedora-clang | 3.2.1 | 419.01 | NOTE | |||
r-devel-linux-x86_64-fedora-gcc | 3.2.1 | 397.60 | OK | |||
r-prerel-macos-arm64 | 3.2.1 | 120.00 | NOTE | |||
r-prerel-windows-x86_64 | 3.2.1 | 25.00 | 255.00 | 280.00 | NOTE | |
r-patched-linux-x86_64 | 3.2.1 | 19.79 | 298.06 | 317.85 | OK | |
r-release-linux-x86_64 | 3.2.1 | 21.01 | 293.26 | 314.27 | OK | |
r-release-macos-arm64 | 3.2.1 | 103.00 | NOTE | |||
r-release-macos-x86_64 | 3.2.1 | 213.00 | NOTE | |||
r-release-windows-x86_64 | 3.2.1 | 32.00 | 299.00 | 331.00 | NOTE | |
r-oldrel-macos-arm64 | 3.2.1 | 129.00 | NOTE | |||
r-oldrel-windows-x86_64 | 3.2.1 | 32.00 | 272.00 | 304.00 | NOTE |
Version: 3.2.1
Check: package dependencies
Result: NOTE
Imports includes 31 non-default packages.
Importing from so many packages makes the package vulnerable to any of
them becoming unavailable. Move as many as possible to Suggests and
use conditionally.
Flavor: r-devel-linux-x86_64-fedora-clang
Version: 3.2.1
Check: installed package size
Result: NOTE
installed size is 5.2Mb
sub-directories of 1Mb or more:
doc 4.2Mb
Flavors: r-devel-linux-x86_64-fedora-clang, r-prerel-macos-arm64, r-prerel-windows-x86_64, r-release-macos-arm64, r-release-macos-x86_64, r-release-windows-x86_64, r-oldrel-macos-arm64, r-oldrel-windows-x86_64