CRAN Package Check Results for Package RSDA

Last updated on 2021-05-13 22:51:13 CEST.

Flavor Version Tinstall Tcheck Ttotal Status Flags
r-devel-linux-x86_64-debian-clang 3.0.9 18.97 228.04 247.01 OK
r-devel-linux-x86_64-debian-gcc 3.0.9 17.12 166.89 184.01 OK
r-devel-linux-x86_64-fedora-clang 3.0.9 339.08 NOTE
r-devel-linux-x86_64-fedora-gcc 3.0.9 323.52 NOTE
r-devel-windows-ix86+x86_64 3.0.9 47.00 299.00 346.00 OK
r-devel-windows-x86_64-gcc10-UCRT 3.0.9 NOTE
r-patched-linux-x86_64 3.0.9 19.52 214.57 234.09 OK
r-patched-solaris-x86 3.0.9 437.80 NOTE
r-release-linux-x86_64 3.0.9 20.82 210.84 231.66 OK
r-release-macos-x86_64 3.0.9 NOTE
r-release-windows-ix86+x86_64 3.0.9 32.00 258.00 290.00 OK
r-oldrel-macos-x86_64 3.0.9 NOTE
r-oldrel-windows-ix86+x86_64 3.0.9 40.00 276.00 316.00 OK

Check Details

Version: 3.0.9
Check: package dependencies
Result: NOTE
    Imports includes 28 non-default packages.
    Importing from so many packages makes the package vulnerable to any of
    them becoming unavailable. Move as many as possible to Suggests and
    use conditionally.
Flavor: r-devel-linux-x86_64-fedora-clang

Version: 3.0.9
Check: dependencies in R code
Result: NOTE
    Namespace in Imports field not imported from: ‘labelled’
     All declared Imports should be used.
Flavors: r-devel-linux-x86_64-fedora-clang, r-devel-linux-x86_64-fedora-gcc, r-devel-windows-x86_64-gcc10-UCRT, r-patched-solaris-x86, r-release-macos-x86_64, r-oldrel-macos-x86_64