CRAN Package Check Results for Package RSKC

Last updated on 2021-11-29 22:59:23 CET.

Flavor Version Tinstall Tcheck Ttotal Status Flags
r-devel-linux-x86_64-debian-clang 2.4.2 6.17 40.15 46.32 OK
r-devel-linux-x86_64-debian-gcc 2.4.2 4.04 31.87 35.91 OK
r-devel-linux-x86_64-fedora-clang 2.4.2 68.12 NOTE
r-devel-linux-x86_64-fedora-gcc 2.4.2 56.35 NOTE
r-devel-windows-x86_64-new-UL 2.4.2 14.00 80.00 94.00 OK
r-devel-windows-x86_64-new-TK 2.4.2 OK
r-devel-windows-x86_64-old 2.4.2 10.00 46.00 56.00 OK
r-patched-linux-x86_64 2.4.2 6.56 39.18 45.74 OK
r-patched-solaris-x86 2.4.2 97.10 OK
r-release-linux-x86_64 2.4.2 5.66 40.04 45.70 OK
r-release-macos-arm64 2.4.2 OK
r-release-macos-x86_64 2.4.2 OK
r-release-windows-ix86+x86_64 2.4.2 14.00 58.00 72.00 OK
r-oldrel-macos-x86_64 2.4.2 OK
r-oldrel-windows-ix86+x86_64 2.4.2 12.00 78.00 90.00 OK

Check Details

Version: 2.4.2
Check: compiled code
Result: NOTE
    File ‘RSKC/libs/RSKC.so’:
     Found no calls to: ‘R_registerRoutines’, ‘R_useDynamicSymbols’
    
    It is good practice to register native routines and to disable symbol
    search.
    
    See ‘Writing portable packages’ in the ‘Writing R Extensions’ manual.
Flavors: r-devel-linux-x86_64-fedora-clang, r-devel-linux-x86_64-fedora-gcc