CRAN Package Check Results for Package RSSL

Last updated on 2021-08-02 22:54:47 CEST.

Flavor Version Tinstall Tcheck Ttotal Status Flags
r-devel-linux-x86_64-debian-clang 0.9.3 95.56 219.79 315.35 OK
r-devel-linux-x86_64-debian-gcc 0.9.3 63.46 160.31 223.77 OK
r-devel-linux-x86_64-fedora-clang 0.9.3 401.59 OK
r-devel-linux-x86_64-fedora-gcc 0.9.3 381.48 OK
r-devel-windows-x86_64 0.9.3 115.00 250.00 365.00 OK
r-devel-windows-x86_64-gcc10-UCRT 0.9.3 OK
r-patched-linux-x86_64 0.9.3 OK
r-patched-solaris-x86 0.9.3 465.50 OK
r-release-linux-x86_64 0.9.3 79.81 207.69 287.50 OK
r-release-macos-arm64 0.9.3 NOTE
r-release-macos-x86_64 0.9.3 OK
r-release-windows-ix86+x86_64 0.9.3 206.00 277.00 483.00 OK
r-oldrel-macos-x86_64 0.9.3 OK
r-oldrel-windows-ix86+x86_64 0.9.3 153.00 380.00 533.00 OK

Check Details

Version: 0.9.3
Check: installed package size
Result: NOTE
     installed size is 5.2Mb
     sub-directories of 1Mb or more:
     libs 3.2Mb
Flavor: r-release-macos-arm64