CRAN Package Check Results for Package RSiena

Last updated on 2021-05-17 22:56:38 CEST.

Flavor Version Tinstall Tcheck Ttotal Status Flags
r-devel-linux-x86_64-debian-clang 1.3.0 296.73 273.08 569.81 OK
r-devel-linux-x86_64-debian-gcc 1.3.0 196.36 203.08 399.44 OK
r-devel-linux-x86_64-fedora-clang 1.3.0 908.12 NOTE
r-devel-linux-x86_64-fedora-gcc 1.3.0 695.31 OK
r-devel-windows-ix86+x86_64 1.3.0 750.00 447.00 1197.00 NOTE
r-devel-windows-x86_64-gcc10-UCRT 1.3.0 OK
r-patched-linux-x86_64 1.3.0 235.03 260.92 495.95 OK
r-patched-solaris-x86 1.3.0 892.30 NOTE
r-release-linux-x86_64 1.3.0 239.00 247.88 486.88 OK
r-release-macos-x86_64 1.3.0 NOTE
r-release-windows-ix86+x86_64 1.3.0 653.00 347.00 1000.00 NOTE
r-oldrel-macos-x86_64 1.3.0 NOTE
r-oldrel-windows-ix86+x86_64 1.3.0 495.00 354.00 849.00 NOTE

Additional issues

rchk

Check Details

Version: 1.3.0
Check: installed package size
Result: NOTE
     installed size is 16.3Mb
     sub-directories of 1Mb or more:
     R 1.0Mb
     libs 14.4Mb
Flavors: r-devel-linux-x86_64-fedora-clang, r-devel-windows-ix86+x86_64, r-patched-solaris-x86, r-release-macos-x86_64, r-release-windows-ix86+x86_64, r-oldrel-macos-x86_64, r-oldrel-windows-ix86+x86_64

Version: 1.3.0
Check: dependencies in R code
Result: NOTE
    No protocol specified
    No protocol specified
Flavor: r-oldrel-macos-x86_64