Last updated on 2023-09-21 23:03:30 CEST.
Flavor | Version | Tinstall | Tcheck | Ttotal | Status | Flags |
---|---|---|---|---|---|---|
r-devel-linux-x86_64-debian-clang | 1.4.16 | 5.70 | 76.68 | 82.38 | NOTE | |
r-devel-linux-x86_64-debian-gcc | 1.4.16 | 6.48 | 58.13 | 64.61 | NOTE | |
r-devel-linux-x86_64-fedora-clang | 1.4.16 | 105.04 | NOTE | |||
r-devel-linux-x86_64-fedora-gcc | 1.4.16 | 106.04 | NOTE | |||
r-devel-windows-x86_64 | 1.4.16 | 9.00 | 92.00 | 101.00 | NOTE | |
r-patched-linux-x86_64 | 1.4.16 | 9.77 | 73.25 | 83.02 | OK | |
r-release-linux-x86_64 | 1.4.16 | 6.28 | 75.17 | 81.45 | OK | |
r-release-macos-arm64 | 1.4.16 | 33.00 | OK | |||
r-release-macos-x86_64 | 1.4.16 | 52.00 | OK | |||
r-release-windows-x86_64 | 1.4.16 | 10.00 | 103.00 | 113.00 | OK | |
r-oldrel-macos-arm64 | 1.4.16 | 27.00 | OK | |||
r-oldrel-macos-x86_64 | 1.4.16 | 41.00 | OK | |||
r-oldrel-windows-x86_64 | 1.4.16 | 12.00 | 91.00 | 103.00 | OK |
Version: 1.4.16
Check: Rd \usage sections
Result: NOTE
Documented arguments not in \usage in documentation object 'ApiRequest':
‘report.description’
Documented arguments not in \usage in documentation object 'BuildLineItemSegment':
‘elements’
Functions with \usage entries need to have the appropriate \alias
entries, and all their arguments documented.
The \usage entries must correspond to syntactically valid R code.
See chapter ‘Writing R documentation files’ in the ‘Writing R
Extensions’ manual.
Flavors: r-devel-linux-x86_64-debian-clang, r-devel-linux-x86_64-debian-gcc, r-devel-linux-x86_64-fedora-clang, r-devel-linux-x86_64-fedora-gcc, r-devel-windows-x86_64