Last updated on 2024-04-17 23:00:08 CEST.
Flavor | Version | Tinstall | Tcheck | Ttotal | Status | Flags |
---|---|---|---|---|---|---|
r-devel-linux-x86_64-debian-clang | 2.1.0 | 23.44 | 225.50 | 248.94 | OK | |
r-devel-linux-x86_64-debian-gcc | 2.1.0 | 18.46 | 166.88 | 185.34 | OK | |
r-devel-linux-x86_64-fedora-clang | 2.1.0 | 315.10 | OK | |||
r-devel-linux-x86_64-fedora-gcc | 2.1.0 | 326.28 | OK | |||
r-prerel-macos-arm64 | 2.1.0 | 87.00 | OK | |||
r-prerel-macos-x86_64 | 2.1.0 | 158.00 | NOTE | |||
r-prerel-windows-x86_64 | 2.1.0 | 19.00 | 161.00 | 180.00 | OK | |
r-patched-linux-x86_64 | 2.1.0 | 25.27 | 212.43 | 237.70 | OK | |
r-release-linux-x86_64 | 2.1.0 | 24.25 | 219.82 | 244.07 | OK | |
r-release-macos-arm64 | 2.1.0 | 86.00 | NOTE | |||
r-release-macos-x86_64 | 2.1.0 | 132.00 | NOTE | |||
r-release-windows-x86_64 | 2.1.0 | 28.00 | 213.00 | 241.00 | OK | |
r-oldrel-macos-arm64 | 2.1.0 | 90.00 | OK | |||
r-oldrel-windows-x86_64 | 2.1.0 | 30.00 | 211.00 | 241.00 | OK |
Version: 2.1.0
Check: package dependencies
Result: NOTE
Packages suggested but not available for checking: 'Gviz', 'rtracklayer'
Flavor: r-prerel-macos-x86_64
Version: 2.1.0
Check: package dependencies
Result: NOTE
Package suggested but not available for checking: ‘Gviz’
Flavors: r-release-macos-arm64, r-release-macos-x86_64