CRAN Package Check Results for Package RTL

Last updated on 2021-07-27 01:51:01 CEST.

Flavor Version Tinstall Tcheck Ttotal Status Flags
r-devel-linux-x86_64-debian-clang 0.1.7 11.78 64.44 76.22 OK
r-devel-linux-x86_64-debian-gcc 0.1.7 9.09 49.74 58.83 OK
r-devel-linux-x86_64-fedora-clang 0.1.7 99.20 NOTE
r-devel-linux-x86_64-fedora-gcc 0.1.7 90.46 NOTE
r-devel-windows-x86_64 0.1.7 19.00 100.00 119.00 OK
r-devel-windows-x86_64-gcc10-UCRT 0.1.7 NOTE
r-patched-linux-x86_64 0.1.7 11.62 61.62 73.24 OK
r-patched-solaris-x86 0.1.7 141.10 NOTE
r-release-linux-x86_64 0.1.7 11.83 61.15 72.98 OK
r-release-macos-arm64 0.1.7 NOTE
r-release-macos-x86_64 0.1.7 NOTE
r-release-windows-ix86+x86_64 0.1.7 21.00 79.00 100.00 OK
r-oldrel-macos-x86_64 0.1.7 NOTE
r-oldrel-windows-ix86+x86_64 0.1.7 21.00 104.00 125.00 OK

Check Details

Version: 0.1.7
Check: package dependencies
Result: NOTE
    Imports includes 24 non-default packages.
    Importing from so many packages makes the package vulnerable to any of
    them becoming unavailable. Move as many as possible to Suggests and
    use conditionally.
Flavor: r-devel-linux-x86_64-fedora-clang

Version: 0.1.7
Check: dependencies in R code
Result: NOTE
    Namespace in Imports field not imported from: ‘tidyverse’
     All declared Imports should be used.
Flavors: r-devel-linux-x86_64-fedora-clang, r-devel-linux-x86_64-fedora-gcc, r-devel-windows-x86_64-gcc10-UCRT, r-patched-solaris-x86, r-release-macos-arm64, r-release-macos-x86_64, r-oldrel-macos-x86_64

Version: 0.1.7
Check: data for non-ASCII characters
Result: NOTE
     Note: found 633 marked UTF-8 strings
Flavors: r-devel-linux-x86_64-fedora-clang, r-devel-linux-x86_64-fedora-gcc, r-devel-windows-x86_64-gcc10-UCRT, r-patched-solaris-x86, r-release-macos-arm64, r-release-macos-x86_64, r-oldrel-macos-x86_64