CRAN Package Check Results for Package RTTWebClient

Last updated on 2021-12-03 22:57:54 CET.

Flavor Version Tinstall Tcheck Ttotal Status Flags
r-devel-linux-x86_64-debian-clang 0.1.2 4.60 33.91 38.51 OK
r-devel-linux-x86_64-debian-gcc 0.1.2 3.46 25.66 29.12 OK
r-devel-linux-x86_64-fedora-clang 0.1.2 58.52 NOTE
r-devel-linux-x86_64-fedora-gcc 0.1.2 45.66 NOTE
r-devel-windows-x86_64-new-UL 0.1.2 13.00 70.00 83.00 OK
r-devel-windows-x86_64-new-TK 0.1.2 NOTE
r-devel-windows-x86_64-old 0.1.2 10.00 40.00 50.00 OK
r-patched-linux-x86_64 0.1.2 3.98 31.47 35.45 OK
r-release-linux-x86_64 0.1.2 4.56 31.48 36.04 OK
r-release-macos-arm64 0.1.2 NOTE
r-release-macos-x86_64 0.1.2 NOTE
r-release-windows-ix86+x86_64 0.1.2 12.00 55.00 67.00 OK
r-oldrel-macos-x86_64 0.1.2 NOTE
r-oldrel-windows-ix86+x86_64 0.1.2 11.00 50.00 61.00 OK

Check Details

Version: 0.1.2
Check: dependencies in R code
Result: NOTE
    Namespace in Imports field not imported from: ‘withr’
     All declared Imports should be used.
Flavors: r-devel-linux-x86_64-fedora-clang, r-devel-linux-x86_64-fedora-gcc, r-devel-windows-x86_64-new-TK, r-release-macos-arm64, r-release-macos-x86_64, r-oldrel-macos-x86_64