CRAN Package Check Results for Package RTextTools

Last updated on 2021-05-06 22:55:34 CEST.

Flavor Version Tinstall Tcheck Ttotal Status Flags
r-devel-linux-x86_64-debian-clang 1.4.3 13.02 106.23 119.25 OK
r-devel-linux-x86_64-debian-gcc 1.4.3 9.78 84.05 93.83 OK
r-devel-linux-x86_64-fedora-clang 1.4.3 156.06 NOTE
r-devel-linux-x86_64-fedora-gcc 1.4.3 142.48 NOTE
r-devel-windows-ix86+x86_64 1.4.3 31.00 187.00 218.00 OK
r-devel-windows-x86_64-gcc10-UCRT 1.4.3 OK
r-patched-linux-x86_64 1.4.3 13.11 102.20 115.31 OK
r-patched-solaris-x86 1.4.3 243.80 OK
r-release-linux-x86_64 1.4.3 12.92 99.70 112.62 OK
r-release-macos-x86_64 1.4.3 OK
r-release-windows-ix86+x86_64 1.4.3 30.00 149.00 179.00 OK
r-oldrel-macos-x86_64 1.4.3 OK
r-oldrel-windows-ix86+x86_64 1.4.3 34.00 9.00 43.00 ERROR

Check Details

Version: 1.4.3
Check: compiled code
Result: NOTE
    File ‘RTextTools/libs/RTextTools.so’:
     Found no calls to: ‘R_registerRoutines’, ‘R_useDynamicSymbols’
    
    It is good practice to register native routines and to disable symbol
    search.
    
    See ‘Writing portable packages’ in the ‘Writing R Extensions’ manual.
Flavors: r-devel-linux-x86_64-fedora-clang, r-devel-linux-x86_64-fedora-gcc

Version: 1.4.3
Check: whether package can be installed
Result: ERROR
    Installation failed.
Flavor: r-oldrel-windows-ix86+x86_64