CRAN Package Check Results for Package RTextTools

Last updated on 2021-11-27 22:57:09 CET.

Flavor Version Tinstall Tcheck Ttotal Status Flags
r-devel-linux-x86_64-debian-clang 1.4.3 OK
r-devel-linux-x86_64-debian-gcc 1.4.3 10.78 85.31 96.09 OK
r-devel-linux-x86_64-fedora-clang 1.4.3 154.50 NOTE
r-devel-linux-x86_64-fedora-gcc 1.4.3 150.06 NOTE
r-devel-windows-x86_64-new-UL 1.4.3 34.00 156.00 190.00 OK
r-devel-windows-x86_64-new-TK 1.4.3 OK
r-devel-windows-x86_64-old 1.4.3 20.00 124.00 144.00 OK
r-patched-linux-x86_64 1.4.3 12.96 103.28 116.24 OK
r-patched-solaris-x86 1.4.3 224.70 OK
r-release-linux-x86_64 1.4.3 OK
r-release-macos-arm64 1.4.3 OK
r-release-macos-x86_64 1.4.3 OK
r-release-windows-ix86+x86_64 1.4.3 39.00 153.00 192.00 OK
r-oldrel-macos-x86_64 1.4.3 OK
r-oldrel-windows-ix86+x86_64 1.4.3 31.00 194.00 225.00 OK

Check Details

Version: 1.4.3
Check: compiled code
Result: NOTE
    File ‘RTextTools/libs/RTextTools.so’:
     Found no calls to: ‘R_registerRoutines’, ‘R_useDynamicSymbols’
    
    It is good practice to register native routines and to disable symbol
    search.
    
    See ‘Writing portable packages’ in the ‘Writing R Extensions’ manual.
Flavors: r-devel-linux-x86_64-fedora-clang, r-devel-linux-x86_64-fedora-gcc