CRAN Package Check Results for Package RVA

Last updated on 2023-09-26 23:04:24 CEST.

Flavor Version Tinstall Tcheck Ttotal Status Flags
r-devel-linux-x86_64-debian-clang 0.0.5 49.36 511.00 560.36 OK
r-devel-linux-x86_64-debian-gcc 0.0.5 40.64 375.71 416.35 OK
r-devel-linux-x86_64-fedora-clang 0.0.5 696.66 NOTE
r-devel-linux-x86_64-fedora-gcc 0.0.5 739.34 NOTE
r-devel-windows-x86_64 0.0.5 46.00 359.00 405.00 OK
r-patched-linux-x86_64 0.0.5 30.78 484.24 515.02 OK
r-release-linux-x86_64 0.0.5 41.97 482.91 524.88 OK
r-release-macos-arm64 0.0.5 5.00 ERROR
r-release-macos-x86_64 0.0.5 6.00 ERROR
r-release-windows-x86_64 0.0.5 61.00 468.00 529.00 OK
r-oldrel-macos-arm64 0.0.5 8.00 ERROR
r-oldrel-macos-x86_64 0.0.5 312.00 NOTE
r-oldrel-windows-x86_64 0.0.5 63.00 451.00 514.00 OK

Check Details

Version: 0.0.5
Check: package dependencies
Result: NOTE
    Imports includes 22 non-default packages.
    Importing from so many packages makes the package vulnerable to any of
    them becoming unavailable. Move as many as possible to Suggests and
    use conditionally.
Flavor: r-devel-linux-x86_64-fedora-clang

Version: 0.0.5
Check: dependencies in R code
Result: NOTE
    Namespace in Imports field not imported from: ‘XML’
     All declared Imports should be used.
Flavors: r-devel-linux-x86_64-fedora-clang, r-devel-linux-x86_64-fedora-gcc, r-oldrel-macos-x86_64

Version: 0.0.5
Check: package dependencies
Result: ERROR
    Package required but not available: ‘GSVAdata’
    
    See section ‘The DESCRIPTION file’ in the ‘Writing R Extensions’
    manual.
Flavors: r-release-macos-arm64, r-release-macos-x86_64

Version: 0.0.5
Check: package dependencies
Result: ERROR
    Package required but not available: ‘rWikiPathways’
    
    See section ‘The DESCRIPTION file’ in the ‘Writing R Extensions’
    manual.
Flavor: r-oldrel-macos-arm64