Last updated on 2024-03-28 23:01:57 CET.
Flavor | Version | Tinstall | Tcheck | Ttotal | Status | Flags |
---|---|---|---|---|---|---|
r-devel-linux-x86_64-debian-clang | 0.4-46 | 9.78 | 110.46 | 120.24 | OK | |
r-devel-linux-x86_64-debian-gcc | 0.4-46 | 7.83 | 83.49 | 91.32 | OK | |
r-devel-linux-x86_64-fedora-clang | 0.4-46 | 152.89 | OK | |||
r-devel-linux-x86_64-fedora-gcc | 0.4-46 | 173.77 | OK | |||
r-devel-windows-x86_64 | 0.4-46 | 9.00 | 112.00 | 121.00 | OK | |
r-patched-linux-x86_64 | 0.4-46 | 11.97 | 111.37 | 123.34 | OK | |
r-release-linux-x86_64 | 0.4-46 | 10.86 | 108.19 | 119.05 | OK | |
r-release-macos-arm64 | 0.4-46 | 58.00 | OK | |||
r-release-macos-x86_64 | 0.4-46 | 78.00 | NOTE | |||
r-release-windows-x86_64 | 0.4-46 | 10.00 | 119.00 | 129.00 | OK | |
r-oldrel-macos-arm64 | 0.4-46 | 51.00 | OK | |||
r-oldrel-windows-x86_64 | 0.4-46 | 11.00 | 119.00 | 130.00 | OK |
Version: 0.4-46
Check: package dependencies
Result: NOTE
Package suggested but not available for checking: ‘partykit’
Flavor: r-release-macos-x86_64
Version: 0.4-46
Check: Rd cross-references
Result: NOTE
Package unavailable to check Rd xrefs: ‘partykit’
Flavor: r-release-macos-x86_64