CRAN Package Check Results for Package RaMS

Last updated on 2021-11-29 22:59:21 CET.

Flavor Version Tinstall Tcheck Ttotal Status Flags
r-devel-linux-x86_64-debian-clang 1.0.0 3.92 106.06 109.98 NOTE
r-devel-linux-x86_64-debian-gcc 1.0.0 2.58 75.64 78.22 NOTE
r-devel-linux-x86_64-fedora-clang 1.0.0 137.85 NOTE
r-devel-linux-x86_64-fedora-gcc 1.0.0 122.45 NOTE
r-devel-windows-x86_64-new-UL 1.0.0 13.00 162.00 175.00 NOTE
r-devel-windows-x86_64-new-TK 1.0.0 NOTE
r-devel-windows-x86_64-old 1.0.0 7.00 101.00 108.00 NOTE
r-patched-linux-x86_64 1.0.0 3.32 95.82 99.14 NOTE
r-patched-solaris-x86 1.0.0 124.00 NOTE
r-release-linux-x86_64 1.0.0 3.40 97.74 101.14 NOTE
r-release-macos-arm64 1.0.0 NOTE
r-release-macos-x86_64 1.0.0 NOTE
r-release-windows-ix86+x86_64 1.0.0 9.00 142.00 151.00 NOTE
r-oldrel-macos-x86_64 1.0.0 OK
r-oldrel-windows-ix86+x86_64 1.0.0 9.00 97.00 106.00 OK

Check Details

Version: 1.0.0
Check: LazyData
Result: NOTE
     'LazyData' is specified without a 'data' directory
Flavors: r-devel-linux-x86_64-debian-clang, r-devel-linux-x86_64-debian-gcc, r-devel-linux-x86_64-fedora-clang, r-devel-linux-x86_64-fedora-gcc, r-devel-windows-x86_64-new-UL, r-devel-windows-x86_64-new-TK, r-devel-windows-x86_64-old, r-patched-linux-x86_64, r-patched-solaris-x86, r-release-linux-x86_64, r-release-macos-arm64, r-release-macos-x86_64, r-release-windows-ix86+x86_64