CRAN Package Check Results for Package RadData

Last updated on 2021-12-02 22:56:03 CET.

Flavor Version Tinstall Tcheck Ttotal Status Flags
r-devel-linux-x86_64-debian-clang 1.0.1 10.07 25.05 35.12 OK
r-devel-linux-x86_64-debian-gcc 1.0.1 9.43 20.01 29.44 OK
r-devel-linux-x86_64-fedora-clang 1.0.1 55.30 OK
r-devel-linux-x86_64-fedora-gcc 1.0.1 44.30 OK
r-devel-windows-x86_64-new-UL 1.0.1 18.00 58.00 76.00 OK
r-devel-windows-x86_64-new-TK 1.0.1 OK
r-devel-windows-x86_64-old 1.0.1 16.00 33.00 49.00 OK
r-patched-linux-x86_64 1.0.1 9.30 23.79 33.09 OK
r-patched-solaris-x86 1.0.1 79.80 OK
r-release-linux-x86_64 1.0.1 9.80 24.05 33.85 OK
r-release-macos-arm64 1.0.1 NOTE
r-release-macos-x86_64 1.0.1 OK
r-release-windows-ix86+x86_64 1.0.1 17.00 43.00 60.00 OK
r-oldrel-macos-x86_64 1.0.1 OK
r-oldrel-windows-ix86+x86_64 1.0.1 17.00 43.00 60.00 OK

Check Details

Version: 1.0.1
Check: installed package size
Result: NOTE
     installed size is 5.2Mb
     sub-directories of 1Mb or more:
     data 5.0Mb
Flavor: r-release-macos-arm64