Last updated on 2024-04-18 22:52:55 CEST.
Flavor | Version | Tinstall | Tcheck | Ttotal | Status | Flags |
---|---|---|---|---|---|---|
r-devel-linux-x86_64-debian-clang | 1.0.2 | 11.14 | 25.27 | 36.41 | OK | |
r-devel-linux-x86_64-debian-gcc | 1.0.2 | 8.84 | 20.10 | 28.94 | OK | |
r-devel-linux-x86_64-fedora-clang | 1.0.2 | 45.52 | OK | |||
r-devel-linux-x86_64-fedora-gcc | 1.0.2 | 45.18 | OK | |||
r-prerel-macos-arm64 | 1.0.2 | 22.00 | NOTE | |||
r-prerel-macos-x86_64 | 1.0.2 | 50.00 | NOTE | |||
r-prerel-windows-x86_64 | 1.0.2 | 10.00 | 40.00 | 50.00 | OK | |
r-patched-linux-x86_64 | 1.0.2 | 10.84 | 24.45 | 35.29 | OK | |
r-release-linux-x86_64 | 1.0.2 | 11.18 | 24.39 | 35.57 | OK | |
r-release-macos-arm64 | 1.0.2 | 27.00 | NOTE | |||
r-release-macos-x86_64 | 1.0.2 | 51.00 | NOTE | |||
r-release-windows-x86_64 | 1.0.2 | 11.00 | 42.00 | 53.00 | OK | |
r-oldrel-macos-arm64 | 1.0.2 | 30.00 | NOTE | |||
r-oldrel-windows-x86_64 | 1.0.2 | 13.00 | 47.00 | 60.00 | OK |
Version: 1.0.2
Check: installed package size
Result: NOTE
installed size is 5.4Mb
sub-directories of 1Mb or more:
data 5.2Mb
Flavors: r-prerel-macos-arm64, r-prerel-macos-x86_64, r-release-macos-arm64, r-release-macos-x86_64, r-oldrel-macos-arm64