Last updated on 2024-03-28 23:01:55 CET.
Flavor | Version | Tinstall | Tcheck | Ttotal | Status | Flags |
---|---|---|---|---|---|---|
r-devel-linux-x86_64-debian-clang | 1.1.8 | 18.68 | 112.83 | 131.51 | NOTE | |
r-devel-linux-x86_64-debian-gcc | 1.1.8 | 14.82 | 80.15 | 94.97 | NOTE | |
r-devel-linux-x86_64-fedora-clang | 1.1.8 | 165.15 | NOTE | |||
r-devel-linux-x86_64-fedora-gcc | 1.1.8 | 169.31 | NOTE | |||
r-devel-windows-x86_64 | 1.1.8 | 12.00 | 124.00 | 136.00 | NOTE | |
r-patched-linux-x86_64 | 1.1.8 | 20.76 | 108.97 | 129.73 | NOTE | |
r-release-linux-x86_64 | 1.1.8 | 13.73 | 98.80 | 112.53 | OK | |
r-release-macos-arm64 | 1.1.8 | 56.00 | NOTE | |||
r-release-macos-x86_64 | 1.1.8 | 96.00 | NOTE | |||
r-release-windows-x86_64 | 1.1.8 | 15.00 | 115.00 | 130.00 | NOTE | |
r-oldrel-macos-arm64 | 1.1.8 | 85.00 | NOTE | |||
r-oldrel-windows-x86_64 | 1.1.8 | 15.00 | 121.00 | 136.00 | NOTE |
Version: 1.1.8
Check: Rd files
Result: NOTE
checkRd: (-1) plot-methods.Rd:98: Lost braces
98 | The line width, a emph{positive} number, defaulting to \code{1}. The interpretation is device-specific, and some devices do not implement line widths less than one (see the help on the device for details of the interpretation). Note that this paramater can also represent a list of different line widths, with length of the list corresponding to the number of \code{DVH} or \code{DVH.list} objects (if \code{plot.type="individual"}, number of line widths should correspond to number of individual \code{DVH} objects).
| ^
Flavors: r-devel-linux-x86_64-debian-clang, r-devel-linux-x86_64-debian-gcc, r-devel-linux-x86_64-fedora-clang, r-devel-linux-x86_64-fedora-gcc, r-devel-windows-x86_64, r-patched-linux-x86_64
Version: 1.1.8
Check: installed package size
Result: NOTE
installed size is 5.2Mb
sub-directories of 1Mb or more:
data 2.2Mb
extdata 1.4Mb
Flavors: r-devel-linux-x86_64-fedora-clang, r-devel-windows-x86_64, r-release-macos-arm64, r-release-macos-x86_64, r-release-windows-x86_64, r-oldrel-macos-arm64, r-oldrel-windows-x86_64