Last updated on 2024-04-17 23:00:04 CEST.
Flavor | Version | Tinstall | Tcheck | Ttotal | Status | Flags |
---|---|---|---|---|---|---|
r-devel-linux-x86_64-debian-clang | 0.2.0 | 16.14 | 139.63 | 155.77 | NOTE | |
r-devel-linux-x86_64-debian-gcc | 0.2.0 | 13.85 | 104.42 | 118.27 | NOTE | |
r-devel-linux-x86_64-fedora-clang | 0.2.0 | 201.74 | NOTE | |||
r-devel-linux-x86_64-fedora-gcc | 0.2.0 | 204.93 | NOTE | |||
r-prerel-macos-arm64 | 0.2.0 | 59.00 | NOTE | |||
r-prerel-windows-x86_64 | 0.2.0 | 15.00 | 114.00 | 129.00 | NOTE | |
r-patched-linux-x86_64 | 0.2.0 | 11.45 | 130.71 | 142.16 | NOTE | |
r-release-linux-x86_64 | 0.2.0 | 11.66 | 137.47 | 149.13 | NOTE | |
r-release-macos-arm64 | 0.2.0 | 64.00 | NOTE | |||
r-release-macos-x86_64 | 0.2.0 | 105.00 | NOTE | |||
r-release-windows-x86_64 | 0.2.0 | 20.00 | 138.00 | 158.00 | NOTE | |
r-oldrel-macos-arm64 | 0.2.0 | 58.00 | NOTE | |||
r-oldrel-windows-x86_64 | 0.2.0 | 20.00 | 145.00 | 165.00 | NOTE |
Version: 0.2.0
Check: LazyData
Result: NOTE
'LazyData' is specified without a 'data' directory
Flavors: r-devel-linux-x86_64-debian-clang, r-devel-linux-x86_64-debian-gcc, r-devel-linux-x86_64-fedora-clang, r-devel-linux-x86_64-fedora-gcc, r-prerel-macos-arm64, r-prerel-windows-x86_64, r-patched-linux-x86_64, r-release-linux-x86_64, r-release-macos-arm64, r-release-macos-x86_64, r-release-windows-x86_64, r-oldrel-macos-arm64, r-oldrel-windows-x86_64