CRAN Package Check Results for Package Radviz

Last updated on 2024-06-13 22:49:41 CEST.

Flavor Version Tinstall Tcheck Ttotal Status Flags
r-devel-linux-x86_64-debian-clang 0.9.3 64.03 424.86 488.89 OK
r-devel-linux-x86_64-debian-gcc 0.9.3 0.36 1.89 2.25 ERROR
r-devel-linux-x86_64-fedora-clang 0.9.3 582.28 OK
r-devel-linux-x86_64-fedora-gcc 0.9.3 592.88 OK
r-devel-windows-x86_64 0.9.3 52.00 343.00 395.00 OK
r-patched-linux-x86_64 0.9.3 52.70 399.39 452.09 OK
r-release-linux-x86_64 0.9.3 55.44 388.80 444.24 OK
r-release-macos-arm64 0.9.3 178.00 OK
r-release-macos-x86_64 0.9.3 304.00 OK
r-release-windows-x86_64 0.9.3 51.00 314.00 365.00 OK
r-oldrel-macos-arm64 0.9.3 189.00 OK
r-oldrel-macos-x86_64 0.9.3 292.00 OK
r-oldrel-windows-x86_64 0.9.3 64.00 427.00 491.00 OK

Check Details

Version: 0.9.3
Check: package dependencies
Result: ERROR Packages required but not available: 'ggplot2', 'dplyr', 'igraph' Packages suggested but not available for checking: 'tidyr', 'cytofan' See section ‘The DESCRIPTION file’ in the ‘Writing R Extensions’ manual. Flavor: r-devel-linux-x86_64-debian-gcc