CRAN Package Check Results for Package RandPro

Last updated on 2021-05-15 22:50:22 CEST.

Flavor Version Tinstall Tcheck Ttotal Status Flags
r-devel-linux-x86_64-debian-clang 0.2.2 12.70 114.04 126.74 NOTE
r-devel-linux-x86_64-debian-gcc 0.2.2 11.18 85.94 97.12 NOTE
r-devel-linux-x86_64-fedora-clang 0.2.2 159.67 NOTE
r-devel-linux-x86_64-fedora-gcc 0.2.2 150.91 NOTE
r-devel-windows-ix86+x86_64 0.2.2 36.00 99.00 135.00 NOTE
r-devel-windows-x86_64-gcc10-UCRT 0.2.2 NOTE
r-patched-linux-x86_64 0.2.2 10.17 105.89 116.06 NOTE
r-patched-solaris-x86 0.2.2 220.70 NOTE
r-release-linux-x86_64 0.2.2 11.25 103.97 115.22 OK
r-release-macos-x86_64 0.2.2 OK
r-release-windows-ix86+x86_64 0.2.2 23.00 142.00 165.00 OK
r-oldrel-macos-x86_64 0.2.2 OK
r-oldrel-windows-ix86+x86_64 0.2.2 28.00 123.00 151.00 OK

Check Details

Version: 0.2.2
Check: LazyData
Result: NOTE
     'LazyData' is specified without a 'data' directory
Flavors: r-devel-linux-x86_64-debian-clang, r-devel-linux-x86_64-debian-gcc, r-devel-linux-x86_64-fedora-clang, r-devel-linux-x86_64-fedora-gcc, r-devel-windows-ix86+x86_64, r-devel-windows-x86_64-gcc10-UCRT, r-patched-linux-x86_64, r-patched-solaris-x86