CRAN Package Check Results for Package RankAggreg

Last updated on 2020-02-24 22:50:35 CET.

Flavor Version Tinstall Tcheck Ttotal Status Flags
r-devel-linux-x86_64-debian-clang 0.6.5 3.72 45.08 48.80 OK
r-devel-linux-x86_64-debian-gcc 0.6.5 2.75 33.84 36.59 OK
r-devel-linux-x86_64-fedora-clang 0.6.5 58.34 NOTE
r-devel-linux-x86_64-fedora-gcc 0.6.5 57.01 OK
r-devel-windows-ix86+x86_64 0.6.5 12.00 69.00 81.00 OK
r-devel-windows-ix86+x86_64-gcc8 0.6.5 19.00 95.00 114.00 OK
r-patched-linux-x86_64 0.6.5 2.80 41.33 44.13 OK
r-patched-solaris-x86 0.6.5 77.50 OK
r-release-linux-x86_64 0.6.5 2.93 41.16 44.09 OK
r-release-windows-ix86+x86_64 0.6.5 9.00 67.00 76.00 OK
r-release-osx-x86_64 0.6.5 OK
r-oldrel-windows-ix86+x86_64 0.6.5 11.00 75.00 86.00 OK
r-oldrel-osx-x86_64 0.6.5 OK

Check Details

Version: 0.6.5
Check: package dependencies
Result: NOTE
    Suggests orphaned package: ‘clValid’
Flavor: r-devel-linux-x86_64-fedora-clang