Last updated on 2024-03-28 23:01:55 CET.
Flavor | Version | Tinstall | Tcheck | Ttotal | Status | Flags |
---|---|---|---|---|---|---|
r-devel-linux-x86_64-debian-clang | 0.98.0 | 83.89 | 70.87 | 154.76 | OK | |
r-devel-linux-x86_64-debian-gcc | 0.98.0 | 59.44 | 58.17 | 117.61 | OK | |
r-devel-linux-x86_64-fedora-clang | 0.98.0 | 211.75 | OK | |||
r-devel-linux-x86_64-fedora-gcc | 0.98.0 | 223.39 | OK | |||
r-devel-windows-x86_64 | 0.98.0 | 58.00 | 137.00 | 195.00 | OK | |
r-patched-linux-x86_64 | 0.98.0 | 78.35 | 72.07 | 150.42 | OK | |
r-release-linux-x86_64 | 0.98.0 | 66.56 | 70.43 | 136.99 | OK | |
r-release-macos-arm64 | 0.98.0 | 77.00 | NOTE | |||
r-release-macos-x86_64 | 0.98.0 | 173.00 | NOTE | |||
r-release-windows-x86_64 | 0.98.0 | 71.00 | 148.00 | 219.00 | OK | |
r-oldrel-macos-arm64 | 0.98.0 | 69.00 | NOTE | |||
r-oldrel-windows-x86_64 | 0.98.0 | 66.00 | 147.00 | 213.00 | OK |
Version: 0.98.0
Check: installed package size
Result: NOTE
installed size is 5.4Mb
sub-directories of 1Mb or more:
libs 4.8Mb
Flavors: r-release-macos-arm64, r-release-macos-x86_64, r-oldrel-macos-arm64