CRAN Package Check Results for Package RavenR

Last updated on 2022-09-26 23:10:41 CEST.

Flavor Version Tinstall Tcheck Ttotal Status Flags
r-devel-linux-x86_64-debian-clang 2.1.9 36.86 188.69 225.55 OK
r-devel-linux-x86_64-debian-gcc 2.1.9 28.33 134.81 163.14 OK
r-devel-linux-x86_64-fedora-clang 2.1.9 293.66 OK
r-devel-linux-x86_64-fedora-gcc 2.1.9 282.99 OK
r-devel-windows-x86_64 2.1.9 72.00 279.00 351.00 OK
r-patched-linux-x86_64 2.1.9 30.31 174.05 204.36 OK
r-release-linux-x86_64 2.1.9 23.32 173.30 196.62 OK
r-release-macos-arm64 2.1.9 70.00 OK
r-release-macos-x86_64 2.1.9 100.00 OK
r-release-windows-x86_64 2.1.9 85.00 239.00 324.00 OK
r-oldrel-macos-arm64 2.1.9 69.00 OK
r-oldrel-macos-x86_64 2.1.9 96.00 OK
r-oldrel-windows-ix86+x86_64 2.1.9 80.00 318.00 398.00 NOTE

Check Details

Version: 2.1.9
Check: installed package size
Result: NOTE
     installed size is 5.0Mb
     sub-directories of 1Mb or more:
     doc 1.1Mb
     extdata 1.0Mb
     libs 2.1Mb
Flavor: r-oldrel-windows-ix86+x86_64