CRAN Package Check Results for Package Rbgs

Last updated on 2021-06-17 22:55:05 CEST.

Flavor Version Tinstall Tcheck Ttotal Status Flags
r-devel-linux-x86_64-debian-clang 0.2 4.14 39.51 43.65 NOTE
r-devel-linux-x86_64-debian-gcc 0.2 3.26 29.96 33.22 NOTE
r-devel-linux-x86_64-fedora-clang 0.2 62.49 NOTE
r-devel-linux-x86_64-fedora-gcc 0.2 51.58 NOTE
r-devel-windows-x86_64 0.2 6.00 66.00 72.00 NOTE
r-devel-windows-x86_64-gcc10-UCRT 0.2 NOTE
r-patched-linux-x86_64 0.2 4.03 37.72 41.75 NOTE
r-patched-solaris-x86 0.2 80.40 NOTE
r-release-linux-x86_64 0.2 3.96 37.57 41.53 NOTE
r-release-macos-arm64 0.2 ERROR
r-release-macos-x86_64 0.2 NOTE
r-release-windows-ix86+x86_64 0.2 10.00 60.00 70.00 NOTE
r-oldrel-macos-x86_64 0.2 OK
r-oldrel-windows-ix86+x86_64 0.2 8.00 42.00 50.00 OK

Check Details

Version: 0.2
Check: LazyData
Result: NOTE
     'LazyData' is specified without a 'data' directory
Flavors: r-devel-linux-x86_64-debian-clang, r-devel-linux-x86_64-debian-gcc, r-devel-linux-x86_64-fedora-clang, r-devel-linux-x86_64-fedora-gcc, r-devel-windows-x86_64, r-devel-windows-x86_64-gcc10-UCRT, r-patched-linux-x86_64, r-patched-solaris-x86, r-release-linux-x86_64, r-release-macos-x86_64, r-release-windows-ix86+x86_64

Version: 0.2
Check: whether package can be installed
Result: ERROR
    Installation failed.
Flavor: r-release-macos-arm64