CRAN Package Check Results for Package Rblpapi

Last updated on 2021-07-25 23:00:27 CEST.

Flavor Version Tinstall Tcheck Ttotal Status Flags
r-devel-linux-x86_64-debian-clang 0.3.11 149.32 33.05 182.37 NOTE
r-devel-linux-x86_64-debian-gcc 0.3.11 104.65 26.30 130.95 NOTE
r-devel-linux-x86_64-fedora-clang 0.3.11 280.27 NOTE
r-devel-linux-x86_64-fedora-gcc 0.3.11 243.05 NOTE
r-devel-windows-x86_64 0.3.11 185.00 123.00 308.00 NOTE
r-devel-windows-x86_64-gcc10-UCRT 0.3.11 WARN
r-patched-linux-x86_64 0.3.11 118.80 31.92 150.72 NOTE
r-release-linux-x86_64 0.3.11 119.04 32.43 151.47 NOTE
r-release-macos-arm64 0.3.11 ERROR
r-release-macos-x86_64 0.3.11 NOTE
r-release-windows-ix86+x86_64 0.3.11 351.00 112.00 463.00 NOTE
r-oldrel-macos-x86_64 0.3.11 NOTE
r-oldrel-windows-ix86+x86_64 0.3.11 271.00 153.00 424.00 NOTE

Check Details

Version: 0.3.11
Check: whether package can be installed
Result: NOTE
    Found the following notes/warnings:
     Non-staged installation was used
Flavors: r-devel-linux-x86_64-debian-clang, r-devel-linux-x86_64-debian-gcc, r-devel-linux-x86_64-fedora-clang, r-devel-linux-x86_64-fedora-gcc, r-devel-windows-x86_64, r-devel-windows-x86_64-gcc10-UCRT, r-patched-linux-x86_64, r-release-linux-x86_64, r-release-macos-x86_64, r-release-windows-ix86+x86_64, r-oldrel-macos-x86_64, r-oldrel-windows-ix86+x86_64

Version: 0.3.11
Check: installed package size
Result: NOTE
     installed size is 14.7Mb
     sub-directories of 1Mb or more:
     blp 7.1Mb
     libs 6.6Mb
Flavors: r-devel-linux-x86_64-fedora-clang, r-devel-windows-x86_64, r-release-macos-x86_64, r-release-windows-ix86+x86_64, r-oldrel-macos-x86_64, r-oldrel-windows-ix86+x86_64

Version: 0.3.11
Check: package subdirectories
Result: WARN
    Found the following non-empty subdirectories of 'inst' also used by R:
     inst/libs
    It is recommended not to interfere with package subdirectories used by
    R.
Flavor: r-devel-windows-x86_64-gcc10-UCRT

Version: 0.3.11
Check: line endings in C/C++/Fortran sources/headers
Result: NOTE
    Found the following sources/headers with CR or CRLF line endings:
     inst/include/blpapi_versioninfo.h
    Some Unix compilers require LF line endings.
Flavor: r-devel-windows-x86_64-gcc10-UCRT

Version: 0.3.11
Check: whether package can be installed
Result: ERROR
    Installation failed.
Flavor: r-release-macos-arm64