Last updated on 2024-04-22 23:10:01 CEST.
Flavor | Version | Tinstall | Tcheck | Ttotal | Status | Flags |
---|---|---|---|---|---|---|
r-devel-linux-x86_64-debian-clang | 0.3-7 | 303.93 | 47.36 | 351.29 | OK | |
r-devel-linux-x86_64-debian-gcc | 0.3-7 | 231.95 | 36.16 | 268.11 | OK | |
r-devel-linux-x86_64-fedora-clang | 0.3-7 | 581.09 | OK | |||
r-devel-linux-x86_64-fedora-gcc | 0.3-7 | 536.42 | OK | |||
r-prerel-macos-arm64 | 0.3-7 | 90.00 | NOTE | |||
r-prerel-windows-x86_64 | 0.3-7 | 237.00 | 89.00 | 326.00 | OK | |
r-patched-linux-x86_64 | 0.3-7 | 295.09 | 46.34 | 341.43 | OK | |
r-release-linux-x86_64 | 0.3-7 | 282.72 | 44.23 | 326.95 | OK | |
r-release-macos-arm64 | 0.3-7 | 101.00 | NOTE | |||
r-release-macos-x86_64 | 0.3-7 | 136.00 | NOTE | |||
r-release-windows-x86_64 | 0.3-7 | 265.00 | 102.00 | 367.00 | OK | |
r-oldrel-macos-arm64 | 0.3-7 | 97.00 | NOTE | |||
r-oldrel-windows-x86_64 | 0.3-7 | 256.00 | 98.00 | 354.00 | OK |
Version: 0.3-7
Check: installed package size
Result: NOTE
installed size is 14.0Mb
sub-directories of 1Mb or more:
libs 13.8Mb
Flavors: r-prerel-macos-arm64, r-release-macos-arm64, r-release-macos-x86_64, r-oldrel-macos-arm64