CRAN Package Check Results for Package RclusTool

Last updated on 2021-06-11 22:54:20 CEST.

Flavor Version Tinstall Tcheck Ttotal Status Flags
r-devel-linux-x86_64-debian-clang 0.91.3 26.04 138.67 164.71 NOTE
r-devel-linux-x86_64-debian-gcc 0.91.3 18.55 101.68 120.23 NOTE
r-devel-linux-x86_64-fedora-clang 0.91.3 208.40 NOTE
r-devel-linux-x86_64-fedora-gcc 0.91.3 191.96 NOTE
r-devel-windows-x86_64 0.91.3 31.00 168.00 199.00 NOTE
r-devel-windows-x86_64-gcc10-UCRT 0.91.3 NOTE
r-patched-linux-x86_64 0.91.3 24.44 130.31 154.75 NOTE
r-patched-solaris-x86 0.91.3 259.90 NOTE
r-release-linux-x86_64 0.91.3 25.04 132.36 157.40 NOTE
r-release-macos-arm64 0.91.3 NOTE
r-release-macos-x86_64 0.91.3 NOTE
r-release-windows-ix86+x86_64 0.91.3 40.00 162.00 202.00 NOTE
r-oldrel-macos-x86_64 0.91.3 OK
r-oldrel-windows-ix86+x86_64 0.91.3 42.00 167.00 209.00 OK

Check Details

Version: 0.91.3
Check: LazyData
Result: NOTE
     'LazyData' is specified without a 'data' directory
Flavors: r-devel-linux-x86_64-debian-clang, r-devel-linux-x86_64-debian-gcc, r-devel-linux-x86_64-fedora-clang, r-devel-linux-x86_64-fedora-gcc, r-devel-windows-x86_64, r-devel-windows-x86_64-gcc10-UCRT, r-patched-linux-x86_64, r-patched-solaris-x86, r-release-linux-x86_64, r-release-macos-arm64, r-release-macos-x86_64, r-release-windows-ix86+x86_64

Version: 0.91.3
Check: foreign function calls
Result: NOTE
    XIO: fatal IO error 146 (Connection refused) on X server ":5.0"
     after 0 requests (0 known processed) with 0 events remaining.
    See chapter ‘System and foreign language interfaces’ in the ‘Writing R
    Extensions’ manual.
Flavor: r-patched-solaris-x86