CRAN Package Check Results for Package RcmdrMisc

Last updated on 2021-09-22 22:56:42 CEST.

Flavor Version Tinstall Tcheck Ttotal Status Flags
r-devel-linux-x86_64-debian-clang 2.7-1 11.82 122.54 134.36 OK
r-devel-linux-x86_64-debian-gcc 2.7-1 10.85 90.13 100.98 OK
r-devel-linux-x86_64-fedora-clang 2.7-1 168.13 OK
r-devel-linux-x86_64-fedora-gcc 2.7-1 154.13 OK
r-devel-windows-x86_64 2.7-1 16.00 112.00 128.00 OK
r-devel-windows-x86_64-gcc10-UCRT 2.7-1 ERROR
r-patched-linux-x86_64 2.7-1 18.72 112.86 131.58 OK
r-patched-solaris-x86 2.7-1 226.70 OK
r-release-linux-x86_64 2.7-1 12.68 112.70 125.38 OK
r-release-macos-arm64 2.7-1 OK
r-release-macos-x86_64 2.7-1 OK
r-release-windows-ix86+x86_64 2.7-1 36.00 148.00 184.00 OK
r-oldrel-macos-x86_64 2.7-1 OK
r-oldrel-windows-ix86+x86_64 2.7-1 23.00 104.00 127.00 OK

Check Details

Version: 2.7-1
Check: package dependencies
Result: ERROR
    Package required but not available: 'Hmisc'
    
    See section 'The DESCRIPTION file' in the 'Writing R Extensions'
    manual.
Flavor: r-devel-windows-x86_64-gcc10-UCRT