CRAN Package Check Results for Package RcmdrPlugin.IPSUR

Last updated on 2021-05-16 22:50:03 CEST.

Flavor Version Tinstall Tcheck Ttotal Status Flags
r-devel-linux-x86_64-debian-clang 0.2-1.1 31.57 164.89 196.46 NOTE
r-devel-linux-x86_64-debian-gcc 0.2-1.1 24.07 123.44 147.51 NOTE
r-devel-linux-x86_64-fedora-clang 0.2-1.1 250.36 NOTE
r-devel-linux-x86_64-fedora-gcc 0.2-1.1 238.07 NOTE
r-devel-windows-ix86+x86_64 0.2-1.1 54.00 126.00 180.00 NOTE
r-devel-windows-x86_64-gcc10-UCRT 0.2-1.1 NOTE
r-patched-linux-x86_64 0.2-1.1 28.65 156.31 184.96 NOTE
r-patched-solaris-x86 0.2-1.1 369.30 NOTE
r-release-linux-x86_64 0.2-1.1 31.05 149.60 180.65 NOTE
r-release-macos-x86_64 0.2-1.1 NOTE
r-release-windows-ix86+x86_64 0.2-1.1 40.00 118.00 158.00 NOTE
r-oldrel-macos-x86_64 0.2-1.1 NOTE
r-oldrel-windows-ix86+x86_64 0.2-1.1 47.00 167.00 214.00 NOTE

Check Details

Version: 0.2-1.1
Check: dependencies in R code
Result: NOTE
    'library' or 'require' calls in package code:
     'abind' 'e1071' 'qcc'
     Please use :: or requireNamespace() instead.
     See section 'Suggested packages' in the 'Writing R Extensions' manual.
Flavors: r-devel-linux-x86_64-debian-clang, r-devel-linux-x86_64-debian-gcc, r-devel-linux-x86_64-fedora-clang, r-devel-linux-x86_64-fedora-gcc, r-devel-windows-ix86+x86_64, r-devel-windows-x86_64-gcc10-UCRT, r-patched-linux-x86_64, r-patched-solaris-x86, r-release-linux-x86_64, r-release-macos-x86_64, r-release-windows-ix86+x86_64, r-oldrel-macos-x86_64, r-oldrel-windows-ix86+x86_64