CRAN Package Check Results for Package RcmdrPlugin.NMBU

Last updated on 2021-12-01 22:53:21 CET.

Flavor Version Tinstall Tcheck Ttotal Status Flags
r-devel-linux-x86_64-debian-clang 1.8.12 28.45 160.71 189.16 NOTE
r-devel-linux-x86_64-debian-gcc 1.8.12 22.30 119.82 142.12 NOTE
r-devel-linux-x86_64-fedora-clang 1.8.12 260.16 NOTE
r-devel-linux-x86_64-fedora-gcc 1.8.12 233.46 NOTE
r-devel-windows-x86_64-new-UL 1.8.12 46.00 211.00 257.00 NOTE
r-devel-windows-x86_64-new-TK 1.8.12 NOTE
r-devel-windows-x86_64-old 1.8.12 37.00 127.00 164.00 NOTE
r-patched-linux-x86_64 1.8.12 27.82 153.51 181.33 NOTE
r-patched-solaris-x86 1.8.12 312.30 NOTE
r-release-linux-x86_64 1.8.12 27.96 154.97 182.93 NOTE
r-release-macos-arm64 1.8.12 NOTE
r-release-macos-x86_64 1.8.12 NOTE
r-release-windows-ix86+x86_64 1.8.12 44.00 167.00 211.00 NOTE
r-oldrel-macos-x86_64 1.8.12 OK
r-oldrel-windows-ix86+x86_64 1.8.12 51.00 168.00 219.00 OK

Check Details

Version: 1.8.12
Check: LazyData
Result: NOTE
     'LazyData' is specified without a 'data' directory
Flavors: r-devel-linux-x86_64-debian-clang, r-devel-linux-x86_64-debian-gcc, r-devel-linux-x86_64-fedora-clang, r-devel-linux-x86_64-fedora-gcc, r-devel-windows-x86_64-new-UL, r-devel-windows-x86_64-new-TK, r-devel-windows-x86_64-old, r-patched-linux-x86_64, r-patched-solaris-x86, r-release-linux-x86_64, r-release-macos-arm64, r-release-macos-x86_64, r-release-windows-ix86+x86_64