CRAN Package Check Results for Package RcmdrPlugin.NMBU

Last updated on 2021-05-16 22:50:03 CEST.

Flavor Version Tinstall Tcheck Ttotal Status Flags
r-devel-linux-x86_64-debian-clang 1.8.12 29.70 160.49 190.19 NOTE
r-devel-linux-x86_64-debian-gcc 1.8.12 23.03 122.09 145.12 NOTE
r-devel-linux-x86_64-fedora-clang 1.8.12 247.72 NOTE
r-devel-linux-x86_64-fedora-gcc 1.8.12 231.09 NOTE
r-devel-windows-ix86+x86_64 1.8.12 54.00 166.00 220.00 NOTE
r-devel-windows-x86_64-gcc10-UCRT 1.8.12 NOTE
r-patched-linux-x86_64 1.8.12 27.09 155.23 182.32 NOTE
r-patched-solaris-x86 1.8.12 357.70 NOTE
r-release-linux-x86_64 1.8.12 27.20 147.85 175.05 OK
r-release-macos-x86_64 1.8.12 OK
r-release-windows-ix86+x86_64 1.8.12 40.00 123.00 163.00 OK
r-oldrel-macos-x86_64 1.8.12 WARN
r-oldrel-windows-ix86+x86_64 1.8.12 51.00 169.00 220.00 OK

Check Details

Version: 1.8.12
Check: LazyData
Result: NOTE
     'LazyData' is specified without a 'data' directory
Flavors: r-devel-linux-x86_64-debian-clang, r-devel-linux-x86_64-debian-gcc, r-devel-linux-x86_64-fedora-clang, r-devel-linux-x86_64-fedora-gcc, r-devel-windows-ix86+x86_64, r-devel-windows-x86_64-gcc10-UCRT, r-patched-linux-x86_64, r-patched-solaris-x86

Version: 1.8.12
Check: dependencies in R code
Result: NOTE
    No protocol specified
    No protocol specified
Flavor: r-oldrel-macos-x86_64

Version: 1.8.12
Check: S3 generic/method consistency
Result: WARN
    No protocol specified
    No protocol specified
    See section ‘Generic functions and methods’ in the ‘Writing R
    Extensions’ manual.
Flavor: r-oldrel-macos-x86_64

Version: 1.8.12
Check: replacement functions
Result: WARN
    No protocol specified
    No protocol specified
    The argument of a replacement function which corresponds to the right
    hand side must be named ‘value’.
Flavor: r-oldrel-macos-x86_64

Version: 1.8.12
Check: foreign function calls
Result: NOTE
    No protocol specified
    No protocol specified
    See chapter ‘System and foreign language interfaces’ in the ‘Writing R
    Extensions’ manual.
Flavor: r-oldrel-macos-x86_64

Version: 1.8.12
Check: R code for possible problems
Result: NOTE
    No protocol specified
    No protocol specified
Flavor: r-oldrel-macos-x86_64

Version: 1.8.12
Check: for missing documentation entries
Result: WARN
    No protocol specified
    No protocol specified
    All user-level objects in a package should have documentation entries.
    See chapter ‘Writing R documentation files’ in the ‘Writing R
    Extensions’ manual.
Flavor: r-oldrel-macos-x86_64

Version: 1.8.12
Check: for code/documentation mismatches
Result: WARN
    No protocol specified
    No protocol specified
    No protocol specified
    No protocol specified
    No protocol specified
    No protocol specified
Flavor: r-oldrel-macos-x86_64

Version: 1.8.12
Check: Rd \usage sections
Result: NOTE
    No protocol specified
    No protocol specified
    The \usage entries for S3 methods should use the \method markup and not
    their full name.
    See chapter ‘Writing R documentation files’ in the ‘Writing R
    Extensions’ manual.
Flavor: r-oldrel-macos-x86_64