CRAN Package Check Results for Package RcmdrPlugin.RiskDemo

Last updated on 2021-06-17 22:55:06 CEST.

Flavor Version Tinstall Tcheck Ttotal Status Flags
r-devel-linux-x86_64-debian-clang 3.0 28.64 210.81 239.45 OK
r-devel-linux-x86_64-debian-gcc 3.0 24.38 157.84 182.22 OK
r-devel-linux-x86_64-fedora-clang 3.0 302.96 OK
r-devel-linux-x86_64-fedora-gcc 3.0 291.72 OK
r-devel-windows-x86_64 3.0 39.00 237.00 276.00 OK
r-devel-windows-x86_64-gcc10-UCRT 3.0 OK
r-patched-linux-x86_64 3.0 28.02 200.32 228.34 OK
r-patched-solaris-x86 3.0 406.80 NOTE
r-release-linux-x86_64 3.0 28.50 200.57 229.07 OK
r-release-macos-arm64 3.0 OK
r-release-macos-x86_64 3.0 OK
r-release-windows-ix86+x86_64 3.0 54.00 233.00 287.00 OK
r-oldrel-macos-x86_64 3.0 OK
r-oldrel-windows-ix86+x86_64 3.0 40.00 239.00 279.00 OK

Check Details

Version: 3.0
Check: installed package size
Result: NOTE
     installed size is 5.0Mb
     sub-directories of 1Mb or more:
     data 4.5Mb
Flavor: r-patched-solaris-x86