CRAN Package Check Results for Package RcmdrPlugin.sampling

Last updated on 2020-02-24 22:50:35 CET.

Flavor Version Tinstall Tcheck Ttotal Status Flags
r-devel-linux-x86_64-debian-clang 1.1 16.60 113.37 129.97 NOTE
r-devel-linux-x86_64-debian-gcc 1.1 14.26 87.77 102.03 NOTE
r-devel-linux-x86_64-fedora-clang 1.1 158.58 NOTE
r-devel-linux-x86_64-fedora-gcc 1.1 157.78 NOTE
r-devel-windows-ix86+x86_64 1.1 46.00 139.00 185.00 NOTE
r-devel-windows-ix86+x86_64-gcc8 1.1 72.00 219.00 291.00 NOTE
r-patched-linux-x86_64 1.1 14.56 99.46 114.02 NOTE
r-patched-solaris-x86 1.1 250.20 NOTE
r-release-linux-x86_64 1.1 14.48 98.93 113.41 NOTE
r-release-windows-ix86+x86_64 1.1 42.00 137.00 179.00 NOTE
r-release-osx-x86_64 1.1 NOTE
r-oldrel-windows-ix86+x86_64 1.1 45.00 130.00 175.00 NOTE
r-oldrel-osx-x86_64 1.1 NOTE

Check Details

Version: 1.1
Check: R code for possible problems
Result: NOTE
    SampleSizes: no visible global function definition for 'xtabs'
    SampleSizes: no visible global function definition for 'weighted.mean'
    SampleSizes: no visible global function definition for 'reshape'
    stage1Sample.fn: no visible global function definition for 'runif'
    stage2Sample.fn: no visible global function definition for 'runif'
    strata.options : onOK: no visible global function definition for
     'packageDescription'
    Undefined global functions or variables:
     packageDescription reshape runif weighted.mean xtabs
    Consider adding
     importFrom("stats", "reshape", "runif", "weighted.mean", "xtabs")
     importFrom("utils", "packageDescription")
    to your NAMESPACE file.
Flavors: r-devel-linux-x86_64-debian-clang, r-devel-linux-x86_64-debian-gcc, r-devel-linux-x86_64-fedora-clang, r-devel-linux-x86_64-fedora-gcc, r-devel-windows-ix86+x86_64, r-devel-windows-ix86+x86_64-gcc8, r-patched-linux-x86_64, r-patched-solaris-x86, r-release-linux-x86_64, r-release-windows-ix86+x86_64, r-release-osx-x86_64, r-oldrel-windows-ix86+x86_64, r-oldrel-osx-x86_64