CRAN Package Check Results for Package Rcplex

Last updated on 2019-10-16 22:56:08 CEST.

Flavor Version Tinstall Tcheck Ttotal Status Flags
r-devel-linux-x86_64-debian-clang 0.3-3 2.24 21.68 23.92 OK --no-examples --no-tests --no-vignettes
r-devel-linux-x86_64-debian-gcc 0.3-3 1.89 17.66 19.55 OK --no-examples --no-tests --no-vignettes
r-devel-windows-ix86+x86_64 0.3-3 1.00 7.00 8.00 ERROR
r-patched-linux-x86_64 0.3-3 1.81 21.40 23.21 OK --no-examples --no-tests --no-vignettes
r-release-linux-x86_64 0.3-3 1.80 21.65 23.45 OK --no-examples --no-tests --no-vignettes
r-release-osx-x86_64 0.3-3 ERROR
r-oldrel-windows-ix86+x86_64 0.3-3 1.00 4.00 5.00 ERROR
r-oldrel-osx-x86_64 0.3-3 ERROR

Check Details

Version: 0.3-3
Check: whether package can be installed
Result: ERROR
    Installation failed.
Flavors: r-devel-windows-ix86+x86_64, r-release-osx-x86_64, r-oldrel-windows-ix86+x86_64, r-oldrel-osx-x86_64