CRAN Package Check Results for Package Rcplex

Last updated on 2019-07-17 22:54:37 CEST.

Flavor Version Tinstall Tcheck Ttotal Status Flags
r-devel-linux-x86_64-debian-clang 0.3-3 2.15 22.18 24.33 OK --no-examples --no-tests --no-vignettes
r-devel-linux-x86_64-debian-gcc 0.3-3 1.53 17.78 19.31 OK --no-examples --no-tests --no-vignettes
r-devel-windows-ix86+x86_64 0.3-3 1.00 5.00 6.00 ERROR
r-patched-linux-x86_64 0.3-3 1.99 21.99 23.98 OK --no-examples --no-tests --no-vignettes
r-release-linux-x86_64 0.3-3 1.97 22.25 24.22 OK --no-examples --no-tests --no-vignettes
r-release-osx-x86_64 0.3-3 ERROR
r-oldrel-windows-ix86+x86_64 0.3-3 1.00 4.00 5.00 ERROR
r-oldrel-osx-x86_64 0.3-3 ERROR

Check Details

Version: 0.3-3
Check: whether package can be installed
Result: ERROR
    Installation failed.
Flavors: r-devel-windows-ix86+x86_64, r-release-osx-x86_64, r-oldrel-windows-ix86+x86_64, r-oldrel-osx-x86_64