CRAN Package Check Results for Package RcppAlgos

Last updated on 2021-09-20 01:49:02 CEST.

Flavor Version Tinstall Tcheck Ttotal Status Flags
r-devel-linux-x86_64-debian-clang 2.4.3 436.44 102.06 538.50 OK
r-devel-linux-x86_64-debian-gcc 2.4.3 276.05 78.68 354.73 OK
r-devel-linux-x86_64-fedora-clang 2.4.3 772.83 NOTE
r-devel-linux-x86_64-fedora-gcc 2.4.3 672.42 OK
r-devel-windows-x86_64 2.4.3 371.00 125.00 496.00 OK
r-devel-windows-x86_64-gcc10-UCRT 2.4.3 ERROR
r-patched-linux-x86_64 2.4.3 336.07 100.81 436.88 OK
r-patched-solaris-x86 2.4.3 565.10 OK
r-release-linux-x86_64 2.4.3 335.83 100.43 436.26 OK
r-release-macos-arm64 2.4.3 NOTE
r-release-macos-x86_64 2.4.3 NOTE
r-release-windows-ix86+x86_64 2.4.3 940.00 234.00 1174.00 NOTE
r-oldrel-macos-x86_64 2.4.3 NOTE
r-oldrel-windows-ix86+x86_64 2.4.3 914.00 244.00 1158.00 NOTE

Check Details

Version: 2.4.3
Check: installed package size
Result: NOTE
     installed size is 21.7Mb
     sub-directories of 1Mb or more:
     libs 20.3Mb
Flavors: r-devel-linux-x86_64-fedora-clang, r-release-macos-arm64, r-release-macos-x86_64, r-release-windows-ix86+x86_64, r-oldrel-macos-x86_64, r-oldrel-windows-ix86+x86_64

Version: 2.4.3
Check: whether package can be installed
Result: ERROR
    Installation failed.
Flavor: r-devel-windows-x86_64-gcc10-UCRT