CRAN Package Check Results for Package RcppAnnoy

Last updated on 2021-07-22 22:52:15 CEST.

Flavor Version Tinstall Tcheck Ttotal Status Flags
r-devel-linux-x86_64-debian-clang 0.0.18 53.71 94.78 148.49 OK
r-devel-linux-x86_64-debian-gcc 0.0.18 38.24 66.38 104.62 OK
r-devel-linux-x86_64-fedora-clang 0.0.18 196.56 NOTE
r-devel-linux-x86_64-fedora-gcc 0.0.18 184.13 OK
r-devel-windows-x86_64 0.0.18 57.00 110.00 167.00 OK
r-devel-windows-x86_64-gcc10-UCRT 0.0.18 OK
r-patched-linux-x86_64 0.0.18 OK
r-patched-solaris-x86 0.0.18 194.10 OK
r-release-linux-x86_64 0.0.18 47.27 88.71 135.98 OK
r-release-macos-arm64 0.0.18 NOTE
r-release-macos-x86_64 0.0.18 NOTE
r-release-windows-ix86+x86_64 0.0.18 138.00 161.00 299.00 OK
r-oldrel-macos-x86_64 0.0.18 NOTE
r-oldrel-windows-ix86+x86_64 0.0.18 134.00 218.00 352.00 OK

Check Details

Version: 0.0.18
Check: installed package size
Result: NOTE
     installed size is 5.6Mb
     sub-directories of 1Mb or more:
     libs 5.1Mb
Flavors: r-devel-linux-x86_64-fedora-clang, r-release-macos-arm64, r-release-macos-x86_64, r-oldrel-macos-x86_64