CRAN Package Check Results for Package RcppArmadillo

Last updated on 2018-12-09 22:58:39 CET.

Flavor Version Tinstall Tcheck Ttotal Status Flags
r-devel-linux-x86_64-debian-clang 0.9.200.5.0 36.83 227.88 264.71 OK
r-devel-linux-x86_64-debian-gcc 0.9.200.5.0 30.90 178.58 209.48 OK
r-devel-linux-x86_64-fedora-clang 0.9.200.5.0 337.07 NOTE
r-devel-linux-x86_64-fedora-gcc 0.9.200.5.0 318.36 OK
r-devel-windows-ix86+x86_64 0.9.200.5.0 111.00 527.00 638.00 NOTE
r-patched-linux-x86_64 0.9.200.5.0 43.40 238.68 282.08 OK
r-patched-solaris-x86 0.9.200.5.0 261.50 NOTE
r-release-linux-x86_64 0.9.200.5.0 37.32 240.61 277.93 OK
r-release-windows-ix86+x86_64 0.9.200.5.0 118.00 381.00 499.00 NOTE
r-release-osx-x86_64 0.9.200.5.0 NOTE
r-oldrel-windows-ix86+x86_64 0.9.200.5.0 88.00 364.00 452.00 NOTE
r-oldrel-osx-x86_64 0.9.200.5.0 NOTE

Check Details

Version: 0.9.200.5.0
Check: installed package size
Result: NOTE
     installed size is 8.0Mb
     sub-directories of 1Mb or more:
     include 5.5Mb
     libs 1.5Mb
Flavors: r-devel-linux-x86_64-fedora-clang, r-devel-windows-ix86+x86_64, r-patched-solaris-x86, r-release-windows-ix86+x86_64, r-release-osx-x86_64, r-oldrel-windows-ix86+x86_64, r-oldrel-osx-x86_64