CRAN Package Check Results for Package RcppBigIntAlgos

Last updated on 2021-06-22 22:56:48 CEST.

Flavor Version Tinstall Tcheck Ttotal Status Flags
r-devel-linux-x86_64-debian-clang 1.0.1 108.79 83.61 192.40 OK
r-devel-linux-x86_64-debian-gcc 1.0.1 66.33 71.85 138.18 OK
r-devel-linux-x86_64-fedora-clang 1.0.1 270.95 NOTE
r-devel-linux-x86_64-fedora-gcc 1.0.1 241.36 OK
r-devel-windows-x86_64 1.0.1 119.00 106.00 225.00 OK
r-devel-windows-x86_64-gcc10-UCRT 1.0.1 OK
r-patched-linux-x86_64 1.0.1 79.43 86.58 166.01 OK
r-patched-solaris-x86 1.0.1 288.90 OK
r-release-linux-x86_64 1.0.1 76.72 88.19 164.91 OK
r-release-macos-arm64 1.0.1 NOTE
r-release-macos-x86_64 1.0.1 NOTE
r-release-windows-ix86+x86_64 1.0.1 238.00 164.00 402.00 OK
r-oldrel-macos-x86_64 1.0.1 NOTE

Check Details

Version: 1.0.1
Check: installed package size
Result: NOTE
     installed size is 5.3Mb
     sub-directories of 1Mb or more:
     libs 5.0Mb
Flavors: r-devel-linux-x86_64-fedora-clang, r-release-macos-arm64, r-release-macos-x86_64, r-oldrel-macos-x86_64