CRAN Package Check Results for Package RcppClassic

Last updated on 2021-08-03 22:53:37 CEST.

Flavor Version Tinstall Tcheck Ttotal Status Flags
r-devel-linux-x86_64-debian-clang 0.9.12 103.50 31.41 134.91 OK
r-devel-linux-x86_64-debian-gcc 0.9.12 56.18 27.24 83.42 OK
r-devel-linux-x86_64-fedora-clang 0.9.12 195.95 NOTE
r-devel-linux-x86_64-fedora-gcc 0.9.12 152.15 OK
r-devel-windows-x86_64 0.9.12 89.00 112.00 201.00 OK
r-devel-windows-x86_64-gcc10-UCRT 0.9.12 OK
r-patched-linux-x86_64 0.9.12 62.35 30.16 92.51 OK
r-patched-solaris-x86 0.9.12 203.10 OK
r-release-linux-x86_64 0.9.12 68.30 30.03 98.33 OK
r-release-macos-arm64 0.9.12 WARN
r-release-macos-x86_64 0.9.12 WARN
r-release-windows-ix86+x86_64 0.9.12 217.00 145.00 362.00 OK
r-oldrel-macos-x86_64 0.9.12 WARN
r-oldrel-windows-ix86+x86_64 0.9.12 167.00 165.00 332.00 OK

Check Details

Version: 0.9.12
Check: installed package size
Result: NOTE
     installed size is 6.7Mb
     sub-directories of 1Mb or more:
     lib 4.8Mb
     libs 1.4Mb
Flavors: r-devel-linux-x86_64-fedora-clang, r-release-macos-arm64

Version: 0.9.12
Check: whether package can be installed
Result: WARN
    Found the following significant warnings:
     WARNING: shared objects/dynamic libraries with hard-coded temporary installation paths
Flavors: r-release-macos-arm64, r-release-macos-x86_64, r-oldrel-macos-x86_64