Last updated on 2024-04-26 22:54:54 CEST.
Flavor | Version | Tinstall | Tcheck | Ttotal | Status | Flags |
---|---|---|---|---|---|---|
r-devel-linux-x86_64-debian-clang | 0.0.2 | 66.73 | 28.66 | 95.39 | OK | |
r-devel-linux-x86_64-debian-gcc | 0.0.2 | 52.41 | 23.59 | 76.00 | OK | |
r-devel-linux-x86_64-fedora-clang | 0.0.2 | 130.15 | OK | |||
r-devel-linux-x86_64-fedora-gcc | 0.0.2 | 135.92 | OK | |||
r-devel-windows-x86_64 | 0.0.2 | 52.00 | 70.00 | 122.00 | OK | |
r-patched-linux-x86_64 | 0.0.2 | 61.23 | 29.77 | 91.00 | OK | |
r-release-linux-x86_64 | 0.0.2 | 64.42 | 28.87 | 93.29 | OK | |
r-release-macos-arm64 | 0.0.2 | 29.00 | NOTE | |||
r-release-windows-x86_64 | 0.0.2 | 52.00 | 69.00 | 121.00 | OK | |
r-oldrel-macos-arm64 | 0.0.2 | 37.00 | NOTE | |||
r-oldrel-macos-x86_64 | 0.0.2 | 56.00 | NOTE | |||
r-oldrel-windows-x86_64 | 0.0.2 | 60.00 | 73.00 | 133.00 | OK |
Version: 0.0.2
Check: installed package size
Result: NOTE
installed size is 8.4Mb
sub-directories of 1Mb or more:
libs 8.0Mb
Flavors: r-release-macos-arm64, r-oldrel-macos-arm64, r-oldrel-macos-x86_64